Last updated on 2024-07-01 04:48:32 CEST.
Flavor | Version | Tinstall | Tcheck | Ttotal | Status | Flags |
---|---|---|---|---|---|---|
r-devel-linux-x86_64-debian-clang | 0.1.1 | 2.82 | 24.11 | 26.93 | OK | |
r-devel-linux-x86_64-debian-gcc | 0.1.1 | 2.88 | 18.35 | 21.23 | OK | |
r-devel-linux-x86_64-fedora-clang | 0.1.1 | 35.29 | NOTE | |||
r-devel-linux-x86_64-fedora-gcc | 0.1.1 | 35.56 | NOTE | |||
r-devel-windows-x86_64 | 0.1.1 | 4.00 | 39.00 | 43.00 | OK | |
r-patched-linux-x86_64 | 0.1.1 | 3.69 | 23.30 | 26.99 | OK | |
r-release-linux-x86_64 | 0.1.1 | 3.24 | 22.72 | 25.96 | OK | |
r-release-macos-arm64 | 0.1.1 | 15.00 | OK | |||
r-release-macos-x86_64 | 0.1.1 | 22.00 | OK | |||
r-release-windows-x86_64 | 0.1.1 | 4.00 | 41.00 | 45.00 | OK | |
r-oldrel-macos-arm64 | 0.1.1 | 17.00 | OK | |||
r-oldrel-macos-x86_64 | 0.1.1 | 23.00 | OK | |||
r-oldrel-windows-x86_64 | 0.1.1 | 4.00 | 44.00 | 48.00 | OK |
Version: 0.1.1
Check: data for non-ASCII characters
Result: NOTE
Note: found 2854 marked UTF-8 strings
Flavors: r-devel-linux-x86_64-fedora-clang, r-devel-linux-x86_64-fedora-gcc