Last updated on 2025-02-04 02:50:07 CET.
Flavor | Version | Tinstall | Tcheck | Ttotal | Status | Flags |
---|---|---|---|---|---|---|
r-devel-linux-x86_64-debian-clang | 1.0.30 | 20.46 | 110.21 | 130.67 | NOTE | |
r-devel-linux-x86_64-debian-gcc | 1.0.30 | 12.08 | 75.88 | 87.96 | NOTE | |
r-devel-linux-x86_64-fedora-clang | 1.0.30 | 226.02 | OK | |||
r-devel-linux-x86_64-fedora-gcc | 1.0.30 | 198.31 | OK | |||
r-devel-windows-x86_64 | 1.0.30 | 23.00 | 113.00 | 136.00 | NOTE | |
r-patched-linux-x86_64 | 1.0.30 | 29.01 | 101.14 | 130.15 | OK | |
r-release-linux-x86_64 | 1.0.30 | 18.72 | 101.45 | 120.17 | OK | |
r-release-macos-arm64 | 1.0.30 | 52.00 | OK | |||
r-release-macos-x86_64 | 1.0.30 | 79.00 | OK | |||
r-release-windows-x86_64 | 1.0.30 | 22.00 | 108.00 | 130.00 | OK | |
r-oldrel-macos-arm64 | 1.0.30 | 51.00 | OK | |||
r-oldrel-macos-x86_64 | 1.0.30 | 101.00 | OK | |||
r-oldrel-windows-x86_64 | 1.0.30 | 28.00 | 139.00 | 167.00 | OK |
Version: 1.0.30
Check: Rd cross-references
Result: NOTE
Found the following Rd file(s) with Rd \link{} targets missing package
anchors:
ED.drcte.Rd: drm
drmte.Rd: LL.4, LL.5, W1.4, getMeanFunctions, drmc
drmteControl.Rd: drm
Please provide package anchors for all Rd \link{} targets not in the
package itself and the base packages.
Flavors: r-devel-linux-x86_64-debian-clang, r-devel-linux-x86_64-debian-gcc, r-devel-windows-x86_64