Last updated on 2024-06-17 01:48:28 CEST.
Flavor | Version | Tinstall | Tcheck | Ttotal | Status | Flags |
---|---|---|---|---|---|---|
r-devel-linux-x86_64-debian-clang | 1.1.4 | 28.00 | 381.83 | 409.83 | NOTE | |
r-devel-linux-x86_64-debian-gcc | 1.1.4 | 20.51 | 266.78 | 287.29 | NOTE | |
r-devel-linux-x86_64-fedora-clang | 1.1.4 | 513.59 | NOTE | |||
r-devel-linux-x86_64-fedora-gcc | 1.1.4 | 513.56 | NOTE | |||
r-devel-windows-x86_64 | 1.1.4 | 31.00 | 299.00 | 330.00 | NOTE | |
r-patched-linux-x86_64 | 1.1.4 | 36.00 | 358.27 | 394.27 | OK | |
r-release-linux-x86_64 | 1.1.4 | 25.29 | 349.53 | 374.82 | OK | |
r-release-macos-arm64 | 1.1.4 | 137.00 | OK | |||
r-release-macos-x86_64 | 1.1.4 | 232.00 | OK | |||
r-release-windows-x86_64 | 1.1.4 | 31.00 | 292.00 | 323.00 | OK | |
r-oldrel-macos-arm64 | 1.1.4 | 136.00 | OK | |||
r-oldrel-macos-x86_64 | 1.1.4 | 480.00 | OK | |||
r-oldrel-windows-x86_64 | 1.1.4 | 38.00 | 385.00 | 423.00 | OK |
Version: 1.1.4
Check: compiled code
Result: NOTE
File ‘dplyr/libs/dplyr.so’:
Found non-API calls to R: ‘SET_PRCODE’, ‘SET_PRENV’, ‘SET_PRVALUE’
Compiled code should not call non-API entry points in R.
See ‘Writing portable packages’ in the ‘Writing R Extensions’ manual.
Flavor: r-devel-linux-x86_64-debian-clang
Version: 1.1.4
Check: compiled code
Result: NOTE
File ‘dplyr/libs/dplyr.so’:
Found non-API calls to R: ‘LEVELS’, ‘SET_PRCODE’, ‘SET_PRENV’,
‘SET_PRVALUE’
Compiled code should not call non-API entry points in R.
See ‘Writing portable packages’ in the ‘Writing R Extensions’ manual.
Flavors: r-devel-linux-x86_64-debian-gcc, r-devel-linux-x86_64-fedora-clang, r-devel-linux-x86_64-fedora-gcc
Version: 1.1.4
Check: data for non-ASCII characters
Result: NOTE
Note: found 4 marked UTF-8 strings
Flavors: r-devel-linux-x86_64-fedora-clang, r-devel-linux-x86_64-fedora-gcc
Version: 1.1.4
Check: compiled code
Result: NOTE
File 'dplyr/libs/x64/dplyr.dll':
Found non-API calls to R: 'SET_PRCODE', 'SET_PRENV', 'SET_PRVALUE'
Compiled code should not call non-API entry points in R.
See 'Writing portable packages' in the 'Writing R Extensions' manual.
Flavor: r-devel-windows-x86_64