Last updated on 2024-06-30 04:55:10 CEST.
Flavor | Version | Tinstall | Tcheck | Ttotal | Status | Flags |
---|---|---|---|---|---|---|
r-devel-linux-x86_64-debian-clang | 1.0.3.1 | 15.74 | 32.28 | 48.02 | OK | |
r-devel-linux-x86_64-debian-gcc | 1.0.3.1 | 8.14 | 24.72 | 32.86 | OK | |
r-devel-linux-x86_64-fedora-clang | 1.0.3.1 | 58.82 | NOTE | |||
r-devel-linux-x86_64-fedora-gcc | 1.0.3.1 | 56.62 | OK | |||
r-devel-windows-x86_64 | 1.0.3.1 | 17.00 | 60.00 | 77.00 | NOTE | |
r-patched-linux-x86_64 | 1.0.3.1 | 10.75 | 30.82 | 41.57 | OK | |
r-release-linux-x86_64 | 1.0.3.1 | 14.02 | 31.02 | 45.04 | OK | |
r-release-macos-arm64 | 1.0.3.1 | 25.00 | NOTE | |||
r-release-macos-x86_64 | 1.0.3.1 | 38.00 | NOTE | |||
r-release-windows-x86_64 | 1.0.3.1 | 18.00 | 57.00 | 75.00 | NOTE | |
r-oldrel-macos-arm64 | 1.0.3.1 | 25.00 | NOTE | |||
r-oldrel-macos-x86_64 | 1.0.3.1 | 40.00 | NOTE | |||
r-oldrel-windows-x86_64 | 1.0.3.1 | 17.00 | 70.00 | 87.00 | NOTE |
Version: 1.0.3.1
Check: installed package size
Result: NOTE
installed size is 16.6Mb
sub-directories of 1Mb or more:
include 16.3Mb
Flavors: r-devel-linux-x86_64-fedora-clang, r-devel-windows-x86_64, r-release-macos-arm64, r-release-macos-x86_64, r-release-windows-x86_64, r-oldrel-macos-arm64, r-oldrel-macos-x86_64, r-oldrel-windows-x86_64