Last updated on 2024-07-01 04:48:31 CEST.
Flavor | Version | Tinstall | Tcheck | Ttotal | Status | Flags |
---|---|---|---|---|---|---|
r-devel-linux-x86_64-debian-clang | 0.8.11 | 92.69 | 38.71 | 131.40 | NOTE | |
r-devel-linux-x86_64-debian-gcc | 0.8.11 | 69.44 | 28.95 | 98.39 | NOTE | |
r-devel-linux-x86_64-fedora-clang | 0.8.11 | 182.44 | NOTE | |||
r-devel-linux-x86_64-fedora-gcc | 0.8.11 | 208.71 | NOTE | |||
r-devel-windows-x86_64 | 0.8.11 | 71.00 | 65.00 | 136.00 | NOTE | |
r-patched-linux-x86_64 | 0.8.11 | 80.49 | 35.55 | 116.04 | NOTE | |
r-release-linux-x86_64 | 0.8.11 | 78.16 | 36.25 | 114.41 | NOTE | |
r-release-macos-arm64 | 0.8.11 | 68.00 | NOTE | |||
r-release-macos-x86_64 | 0.8.11 | 104.00 | NOTE | |||
r-release-windows-x86_64 | 0.8.11 | 70.00 | 70.00 | 140.00 | NOTE | |
r-oldrel-macos-arm64 | 0.8.11 | 78.00 | NOTE | |||
r-oldrel-macos-x86_64 | 0.8.11 | 130.00 | NOTE | |||
r-oldrel-windows-x86_64 | 0.8.11 | 71.00 | 80.00 | 151.00 | NOTE |
Version: 0.8.11
Check: C++ specification
Result: NOTE
Specified C++11: please drop specification unless essential
Flavors: r-devel-linux-x86_64-debian-clang, r-devel-linux-x86_64-debian-gcc, r-devel-linux-x86_64-fedora-clang, r-devel-linux-x86_64-fedora-gcc, r-devel-windows-x86_64, r-patched-linux-x86_64, r-release-linux-x86_64, r-release-macos-arm64, r-release-macos-x86_64, r-release-windows-x86_64, r-oldrel-macos-arm64, r-oldrel-macos-x86_64, r-oldrel-windows-x86_64
Version: 0.8.11
Check: for GNU extensions in Makefiles
Result: NOTE
GNU make is a SystemRequirements.
Flavors: r-devel-linux-x86_64-debian-clang, r-devel-linux-x86_64-debian-gcc, r-devel-linux-x86_64-fedora-clang, r-devel-linux-x86_64-fedora-gcc, r-devel-windows-x86_64, r-patched-linux-x86_64, r-release-linux-x86_64, r-release-macos-arm64, r-release-macos-x86_64, r-release-windows-x86_64, r-oldrel-macos-arm64, r-oldrel-macos-x86_64, r-oldrel-windows-x86_64
Version: 0.8.11
Check: installed package size
Result: NOTE
installed size is 5.0Mb
sub-directories of 1Mb or more:
libs 4.6Mb
Flavors: r-release-macos-x86_64, r-oldrel-macos-arm64, r-oldrel-macos-x86_64