Last updated on 2025-02-04 02:50:05 CET.
Flavor | Version | Tinstall | Tcheck | Ttotal | Status | Flags |
---|---|---|---|---|---|---|
r-devel-linux-x86_64-debian-clang | 0.1.1 | 5.10 | 151.32 | 156.42 | NOTE | |
r-devel-linux-x86_64-debian-gcc | 0.1.1 | 3.72 | 102.25 | 105.97 | NOTE | |
r-devel-linux-x86_64-fedora-clang | 0.1.1 | 263.77 | OK | |||
r-devel-linux-x86_64-fedora-gcc | 0.1.1 | 296.36 | OK | |||
r-devel-windows-x86_64 | 0.1.1 | 8.00 | 236.00 | 244.00 | NOTE | |
r-patched-linux-x86_64 | 0.1.1 | 9.71 | 134.17 | 143.88 | NOTE | |
r-release-linux-x86_64 | 0.1.1 | 5.36 | 136.60 | 141.96 | NOTE | |
r-release-macos-arm64 | 0.1.1 | 83.00 | NOTE | |||
r-release-macos-x86_64 | 0.1.1 | 129.00 | NOTE | |||
r-release-windows-x86_64 | 0.1.1 | 8.00 | 250.00 | 258.00 | NOTE | |
r-oldrel-macos-arm64 | 0.1.1 | 84.00 | NOTE | |||
r-oldrel-macos-x86_64 | 0.1.1 | 136.00 | NOTE | |||
r-oldrel-windows-x86_64 | 0.1.1 | 8.00 | 232.00 | 240.00 | NOTE |
Version: 0.1.1
Check: Rd cross-references
Result: NOTE
Found the following Rd file(s) with Rd \link{} targets missing package
anchors:
roi_select.Rd: imager
Please provide package anchors for all Rd \link{} targets not in the
package itself and the base packages.
Flavors: r-devel-linux-x86_64-debian-clang, r-devel-linux-x86_64-debian-gcc, r-devel-windows-x86_64
Version: 0.1.1
Check: LazyData
Result: NOTE
'LazyData' is specified without a 'data' directory
Flavors: r-patched-linux-x86_64, r-release-linux-x86_64, r-release-macos-arm64, r-release-macos-x86_64, r-release-windows-x86_64, r-oldrel-macos-arm64, r-oldrel-macos-x86_64, r-oldrel-windows-x86_64