Last updated on 2024-07-01 04:48:29 CEST.
Flavor | Version | Tinstall | Tcheck | Ttotal | Status | Flags |
---|---|---|---|---|---|---|
r-devel-linux-x86_64-debian-clang | 1.1.1 | 37.96 | 31.66 | 69.62 | NOTE | |
r-devel-linux-x86_64-debian-gcc | 1.1.1 | 28.40 | 25.31 | 53.71 | NOTE | |
r-devel-linux-x86_64-fedora-clang | 1.1.1 | 106.58 | NOTE | |||
r-devel-linux-x86_64-fedora-gcc | 1.1.1 | 107.90 | NOTE | |||
r-devel-windows-x86_64 | 1.1.1 | 31.00 | 63.00 | 94.00 | NOTE | |
r-patched-linux-x86_64 | 1.1.1 | 33.08 | 31.11 | 64.19 | NOTE | |
r-release-linux-x86_64 | 1.1.1 | 33.68 | 30.67 | 64.35 | NOTE | |
r-release-macos-arm64 | 1.1.1 | 29.00 | NOTE | |||
r-release-macos-x86_64 | 1.1.1 | 43.00 | NOTE | |||
r-release-windows-x86_64 | 1.1.1 | 33.00 | 64.00 | 97.00 | NOTE | |
r-oldrel-macos-arm64 | 1.1.1 | 29.00 | NOTE | |||
r-oldrel-macos-x86_64 | 1.1.1 | 49.00 | NOTE | |||
r-oldrel-windows-x86_64 | 1.1.1 | 32.00 | 74.00 | 106.00 | NOTE |
Version: 1.1.1
Check: C++ specification
Result: NOTE
Specified C++11: please drop specification unless essential
Flavors: r-devel-linux-x86_64-debian-clang, r-devel-linux-x86_64-debian-gcc, r-devel-linux-x86_64-fedora-clang, r-devel-linux-x86_64-fedora-gcc, r-devel-windows-x86_64, r-patched-linux-x86_64, r-release-linux-x86_64, r-release-macos-arm64, r-release-macos-x86_64, r-release-windows-x86_64, r-oldrel-macos-arm64, r-oldrel-macos-x86_64, r-oldrel-windows-x86_64
Version: 1.1.1
Check: Rd files
Result: NOTE
checkRd: (-1) chunker-methods.Rd:63: Lost braces in \enumerate; meant \describe ?
checkRd: (-1) chunker-methods.Rd:64: Lost braces in \enumerate; meant \describe ?
checkRd: (-1) chunker-methods.Rd:69: Lost braces in \enumerate; meant \describe ?
checkRd: (-1) chunker-methods.Rd:70: Lost braces in \enumerate; meant \describe ?
Flavors: r-devel-linux-x86_64-debian-clang, r-devel-linux-x86_64-debian-gcc, r-devel-linux-x86_64-fedora-clang, r-devel-linux-x86_64-fedora-gcc, r-devel-windows-x86_64, r-patched-linux-x86_64, r-release-linux-x86_64, r-release-macos-arm64, r-release-macos-x86_64, r-release-windows-x86_64