Last updated on 2024-07-01 04:48:29 CEST.
Flavor | Version | Tinstall | Tcheck | Ttotal | Status | Flags |
---|---|---|---|---|---|---|
r-devel-linux-x86_64-debian-clang | 0.2.3 | 11.86 | 97.80 | 109.66 | NOTE | |
r-devel-linux-x86_64-debian-gcc | 0.2.3 | 9.60 | 73.43 | 83.03 | NOTE | |
r-devel-linux-x86_64-fedora-clang | 0.2.3 | 127.54 | NOTE | |||
r-devel-linux-x86_64-fedora-gcc | 0.2.3 | 142.36 | NOTE | |||
r-devel-windows-x86_64 | 0.2.3 | 12.00 | 103.00 | 115.00 | NOTE | |
r-patched-linux-x86_64 | 0.2.3 | 12.23 | 93.56 | 105.79 | NOTE | |
r-release-linux-x86_64 | 0.2.3 | 12.16 | 97.65 | 109.81 | NOTE | |
r-release-macos-arm64 | 0.2.3 | 36.00 | NOTE | |||
r-release-macos-x86_64 | 0.2.3 | 57.00 | NOTE | |||
r-release-windows-x86_64 | 0.2.3 | 11.00 | 104.00 | 115.00 | NOTE | |
r-oldrel-macos-arm64 | 0.2.3 | 70.00 | NOTE | |||
r-oldrel-macos-x86_64 | 0.2.3 | 58.00 | NOTE | |||
r-oldrel-windows-x86_64 | 0.2.3 | 14.00 | 112.00 | 126.00 | NOTE |
Version: 0.2.3
Check: LazyData
Result: NOTE
'LazyData' is specified without a 'data' directory
Flavors: r-devel-linux-x86_64-debian-clang, r-devel-linux-x86_64-debian-gcc, r-devel-linux-x86_64-fedora-clang, r-devel-linux-x86_64-fedora-gcc, r-devel-windows-x86_64, r-patched-linux-x86_64, r-release-linux-x86_64, r-release-macos-arm64, r-release-macos-x86_64, r-release-windows-x86_64, r-oldrel-macos-arm64, r-oldrel-macos-x86_64, r-oldrel-windows-x86_64