Last updated on 2024-06-30 04:55:04 CEST.
Flavor | Version | Tinstall | Tcheck | Ttotal | Status | Flags |
---|---|---|---|---|---|---|
r-devel-linux-x86_64-debian-clang | 2.0.0 | 74.77 | 92.20 | 166.97 | OK | |
r-devel-linux-x86_64-debian-gcc | 2.0.0 | 56.54 | 71.33 | 127.87 | OK | |
r-devel-linux-x86_64-fedora-clang | 2.0.0 | 208.37 | OK | |||
r-devel-linux-x86_64-fedora-gcc | 2.0.0 | 232.83 | OK | |||
r-devel-windows-x86_64 | 2.0.0 | 58.00 | 102.00 | 160.00 | OK | |
r-patched-linux-x86_64 | 2.0.0 | 73.90 | 88.77 | 162.67 | OK | |
r-release-linux-x86_64 | 2.0.0 | 70.99 | 91.05 | 162.04 | OK | |
r-release-macos-arm64 | 2.0.0 | 50.00 | NOTE | |||
r-release-macos-x86_64 | 2.0.0 | 77.00 | NOTE | |||
r-release-windows-x86_64 | 2.0.0 | 57.00 | 104.00 | 161.00 | OK | |
r-oldrel-macos-arm64 | 2.0.0 | 58.00 | NOTE | |||
r-oldrel-macos-x86_64 | 2.0.0 | 95.00 | NOTE | |||
r-oldrel-windows-x86_64 | 2.0.0 | 71.00 | 183.00 | 254.00 | OK |
Version: 2.0.0
Check: installed package size
Result: NOTE
installed size is 17.5Mb
sub-directories of 1Mb or more:
libs 17.3Mb
Flavors: r-release-macos-arm64, r-release-macos-x86_64, r-oldrel-macos-arm64, r-oldrel-macos-x86_64