Last updated on 2024-07-01 04:48:29 CEST.
Flavor | Version | Tinstall | Tcheck | Ttotal | Status | Flags |
---|---|---|---|---|---|---|
r-devel-linux-x86_64-debian-clang | 1.0.6 | 17.22 | 159.52 | 176.74 | NOTE | |
r-devel-linux-x86_64-debian-gcc | 1.0.6 | 12.64 | 112.93 | 125.57 | NOTE | |
r-devel-linux-x86_64-fedora-clang | 1.0.6 | 209.80 | NOTE | |||
r-devel-linux-x86_64-fedora-gcc | 1.0.6 | 210.55 | NOTE | |||
r-devel-windows-x86_64 | 1.0.6 | 16.00 | 113.00 | 129.00 | NOTE | |
r-patched-linux-x86_64 | 1.0.6 | 17.63 | 145.15 | 162.78 | NOTE | |
r-release-linux-x86_64 | 1.0.6 | 11.06 | 143.07 | 154.13 | NOTE | |
r-release-macos-arm64 | 1.0.6 | 61.00 | NOTE | |||
r-release-macos-x86_64 | 1.0.6 | 84.00 | NOTE | |||
r-release-windows-x86_64 | 1.0.6 | 16.00 | 116.00 | 132.00 | NOTE | |
r-oldrel-macos-arm64 | 1.0.6 | 26.00 | NOTE | |||
r-oldrel-macos-x86_64 | 1.0.6 | 36.00 | NOTE | |||
r-oldrel-windows-x86_64 | 1.0.6 | 20.00 | 151.00 | 171.00 | NOTE |
Version: 1.0.6
Check: package subdirectories
Result: NOTE
Problems with news in ‘NEWS.md’:
No news entries found.
Flavors: r-devel-linux-x86_64-debian-clang, r-devel-linux-x86_64-debian-gcc, r-devel-linux-x86_64-fedora-clang, r-devel-linux-x86_64-fedora-gcc, r-devel-windows-x86_64, r-patched-linux-x86_64, r-release-linux-x86_64, r-release-macos-arm64, r-release-macos-x86_64, r-release-windows-x86_64, r-oldrel-macos-arm64, r-oldrel-macos-x86_64, r-oldrel-windows-x86_64