Last updated on 2024-07-01 04:48:29 CEST.
Flavor | Version | Tinstall | Tcheck | Ttotal | Status | Flags |
---|---|---|---|---|---|---|
r-devel-linux-x86_64-debian-clang | 0.0.2 | 13.95 | 30.43 | 44.38 | OK | |
r-devel-linux-x86_64-debian-gcc | 0.0.2 | 7.13 | 23.80 | 30.93 | OK | |
r-devel-linux-x86_64-fedora-clang | 0.0.2 | 55.00 | NOTE | |||
r-devel-linux-x86_64-fedora-gcc | 0.0.2 | 52.46 | NOTE | |||
r-devel-windows-x86_64 | 0.0.2 | 10.00 | 46.00 | 56.00 | OK | |
r-patched-linux-x86_64 | 0.0.2 | 10.41 | 29.49 | 39.90 | OK | |
r-release-linux-x86_64 | 0.0.2 | 8.60 | 30.36 | 38.96 | OK | |
r-release-macos-arm64 | 0.0.2 | 20.00 | OK | |||
r-release-macos-x86_64 | 0.0.2 | 29.00 | OK | |||
r-release-windows-x86_64 | 0.0.2 | 10.00 | 45.00 | 55.00 | OK | |
r-oldrel-macos-arm64 | 0.0.2 | 20.00 | OK | |||
r-oldrel-macos-x86_64 | 0.0.2 | 30.00 | OK | |||
r-oldrel-windows-x86_64 | 0.0.2 | 11.00 | 48.00 | 59.00 | OK |
Version: 0.0.2
Check: dependencies in R code
Result: NOTE
Namespaces in Imports field not imported from:
‘Matrix’ ‘grDevices’ ‘graphics’
All declared Imports should be used.
Flavors: r-devel-linux-x86_64-fedora-clang, r-devel-linux-x86_64-fedora-gcc