Last updated on 2024-07-01 04:48:28 CEST.
Flavor | Version | Tinstall | Tcheck | Ttotal | Status | Flags |
---|---|---|---|---|---|---|
r-devel-linux-x86_64-debian-clang | 1.99.3 | 8.49 | 111.79 | 120.28 | OK | |
r-devel-linux-x86_64-debian-gcc | 1.99.3 | 8.36 | 82.97 | 91.33 | OK | |
r-devel-linux-x86_64-fedora-clang | 1.99.3 | 150.38 | NOTE | |||
r-devel-linux-x86_64-fedora-gcc | 1.99.3 | 154.46 | NOTE | |||
r-devel-windows-x86_64 | 1.99.3 | 10.00 | 89.00 | 99.00 | OK | |
r-patched-linux-x86_64 | 1.99.3 | 17.80 | 105.14 | 122.94 | OK | |
r-release-linux-x86_64 | 1.99.3 | 11.25 | 106.02 | 117.27 | OK | |
r-release-macos-arm64 | 1.99.3 | 52.00 | OK | |||
r-release-macos-x86_64 | 1.99.3 | 87.00 | OK | |||
r-release-windows-x86_64 | 1.99.3 | 11.00 | 88.00 | 99.00 | OK | |
r-oldrel-macos-arm64 | 1.99.3 | 52.00 | OK | |||
r-oldrel-macos-x86_64 | 1.99.3 | 120.00 | OK | |||
r-oldrel-windows-x86_64 | 1.99.3 | 14.00 | 107.00 | 121.00 | OK |
Version: 1.99.3
Check: data for non-ASCII characters
Result: NOTE
Note: found 379 marked UTF-8 strings
Flavors: r-devel-linux-x86_64-fedora-clang, r-devel-linux-x86_64-fedora-gcc