Last updated on 2024-07-01 04:48:28 CEST.
Flavor | Version | Tinstall | Tcheck | Ttotal | Status | Flags |
---|---|---|---|---|---|---|
r-devel-linux-x86_64-debian-clang | 1.2.1 | 183.45 | 196.71 | 380.16 | OK | |
r-devel-linux-x86_64-debian-gcc | 1.2.1 | 123.86 | 133.00 | 256.86 | OK | |
r-devel-linux-x86_64-fedora-clang | 1.2.1 | 534.70 | OK | |||
r-devel-linux-x86_64-fedora-gcc | 1.2.1 | 532.47 | OK | |||
r-devel-windows-x86_64 | 1.2.1 | 145.00 | 178.00 | 323.00 | OK | |
r-patched-linux-x86_64 | 1.2.1 | 145.73 | 175.10 | 320.83 | OK | |
r-release-linux-x86_64 | 1.2.1 | 131.42 | 185.43 | 316.85 | OK | |
r-release-macos-arm64 | 1.2.1 | 108.00 | NOTE | |||
r-release-macos-x86_64 | 1.2.1 | 148.00 | NOTE | |||
r-release-windows-x86_64 | 1.2.1 | 147.00 | 186.00 | 333.00 | OK | |
r-oldrel-macos-arm64 | 1.2.1 | 100.00 | NOTE | |||
r-oldrel-macos-x86_64 | 1.2.1 | 176.00 | NOTE | |||
r-oldrel-windows-x86_64 | 1.2.1 | 173.00 | 226.00 | 399.00 | OK |
Version: 1.2.1
Check: installed package size
Result: NOTE
installed size is 5.4Mb
sub-directories of 1Mb or more:
libs 4.9Mb
Flavors: r-release-macos-arm64, r-release-macos-x86_64, r-oldrel-macos-arm64, r-oldrel-macos-x86_64