Last updated on 2024-07-01 04:48:28 CEST.
Flavor | Version | Tinstall | Tcheck | Ttotal | Status | Flags |
---|---|---|---|---|---|---|
r-devel-linux-x86_64-debian-clang | 0.3.0 | 100.11 | 31.92 | 132.03 | OK | |
r-devel-linux-x86_64-debian-gcc | 0.3.0 | 80.78 | 29.99 | 110.77 | OK | |
r-devel-linux-x86_64-fedora-clang | 0.3.0 | 165.75 | OK | |||
r-devel-linux-x86_64-fedora-gcc | 0.3.0 | 212.58 | OK | |||
r-devel-windows-x86_64 | 0.3.0 | 74.00 | 70.00 | 144.00 | OK | |
r-patched-linux-x86_64 | 0.3.0 | 88.28 | 37.65 | 125.93 | OK | |
r-release-linux-x86_64 | 0.3.0 | 96.15 | 38.21 | 134.36 | OK | |
r-release-macos-arm64 | 0.3.0 | 43.00 | NOTE | |||
r-release-macos-x86_64 | 0.3.0 | 57.00 | NOTE | |||
r-release-windows-x86_64 | 0.3.0 | 73.00 | 69.00 | 142.00 | OK | |
r-oldrel-macos-arm64 | 0.3.0 | 48.00 | NOTE | |||
r-oldrel-macos-x86_64 | 0.3.0 | 69.00 | NOTE | |||
r-oldrel-windows-x86_64 | 0.3.0 | 88.00 | 77.00 | 165.00 | OK |
Version: 0.3.0
Check: installed package size
Result: NOTE
installed size is 19.7Mb
sub-directories of 1Mb or more:
libs 19.6Mb
Flavors: r-release-macos-arm64, r-release-macos-x86_64, r-oldrel-macos-arm64, r-oldrel-macos-x86_64