Last updated on 2025-02-04 02:50:04 CET.
Flavor | Version | Tinstall | Tcheck | Ttotal | Status | Flags |
---|---|---|---|---|---|---|
r-devel-linux-x86_64-debian-clang | 1.0.5 | 15.39 | 145.35 | 160.74 | NOTE | |
r-devel-linux-x86_64-debian-gcc | 1.0.5 | 11.03 | 97.33 | 108.36 | NOTE | |
r-devel-linux-x86_64-fedora-clang | 1.0.5 | 256.99 | NOTE | |||
r-devel-linux-x86_64-fedora-gcc | 1.0.5 | 249.16 | NOTE | |||
r-devel-windows-x86_64 | 1.0.5 | 27.00 | 281.00 | 308.00 | NOTE | |
r-patched-linux-x86_64 | 1.0.5 | 29.10 | 134.52 | 163.62 | NOTE | |
r-release-linux-x86_64 | 1.0.5 | 14.53 | 136.92 | 151.45 | NOTE | |
r-release-macos-arm64 | 1.0.5 | 95.00 | NOTE | |||
r-release-macos-x86_64 | 1.0.5 | 121.00 | NOTE | |||
r-release-windows-x86_64 | 1.0.5 | 26.00 | 272.00 | 298.00 | NOTE | |
r-oldrel-macos-arm64 | 1.0.5 | 73.00 | NOTE | |||
r-oldrel-macos-x86_64 | 1.0.5 | 95.00 | NOTE | |||
r-oldrel-windows-x86_64 | 1.0.5 | 27.00 | 316.00 | 343.00 | NOTE |
Version: 1.0.5
Check: Rd files
Result: NOTE
checkRd: (-1) ec2_create_security_group.Rd:66: Escaped LaTeX specials: \#
checkRd: (-1) ec2_create_security_group.Rd:66: Escaped LaTeX specials: \$
checkRd: (-1) ec2_create_security_group.Rd:79: Escaped LaTeX specials: \#
checkRd: (-1) ec2_create_security_group.Rd:79: Escaped LaTeX specials: \$
Flavors: r-devel-linux-x86_64-debian-clang, r-devel-linux-x86_64-debian-gcc, r-devel-linux-x86_64-fedora-clang, r-devel-linux-x86_64-fedora-gcc, r-devel-windows-x86_64, r-patched-linux-x86_64, r-release-linux-x86_64, r-release-macos-arm64, r-release-macos-x86_64, r-release-windows-x86_64, r-oldrel-macos-arm64, r-oldrel-macos-x86_64, r-oldrel-windows-x86_64