Last updated on 2025-02-04 02:50:03 CET.
Flavor | Version | Tinstall | Tcheck | Ttotal | Status | Flags |
---|---|---|---|---|---|---|
r-devel-linux-x86_64-debian-clang | 2.2 | 24.80 | 24.04 | 48.84 | NOTE | |
r-devel-linux-x86_64-debian-gcc | 2.2 | 19.56 | 19.06 | 38.62 | NOTE | |
r-devel-linux-x86_64-fedora-clang | 2.2 | 88.98 | NOTE | |||
r-devel-linux-x86_64-fedora-gcc | 2.2 | 91.99 | NOTE | |||
r-devel-windows-x86_64 | 2.2 | 28.00 | 65.00 | 93.00 | NOTE | |
r-patched-linux-x86_64 | 2.2 | 25.68 | 22.16 | 47.84 | NOTE | |
r-release-linux-x86_64 | 2.2 | 22.30 | 22.18 | 44.48 | NOTE | |
r-release-macos-arm64 | 2.2 | 29.00 | NOTE | |||
r-release-macos-x86_64 | 2.2 | 37.00 | NOTE | |||
r-release-windows-x86_64 | 2.2 | 27.00 | 64.00 | 91.00 | NOTE | |
r-oldrel-macos-arm64 | 2.2 | 29.00 | NOTE | |||
r-oldrel-macos-x86_64 | 2.2 | 46.00 | NOTE | |||
r-oldrel-windows-x86_64 | 2.2 | 32.00 | 70.00 | 102.00 | NOTE |
Version: 2.2
Check: C++ specification
Result: NOTE
Specified C++11: please drop specification unless essential
Flavors: r-devel-linux-x86_64-debian-clang, r-devel-linux-x86_64-debian-gcc, r-devel-linux-x86_64-fedora-clang, r-devel-linux-x86_64-fedora-gcc, r-devel-windows-x86_64, r-patched-linux-x86_64, r-release-linux-x86_64, r-release-macos-arm64, r-release-macos-x86_64, r-release-windows-x86_64, r-oldrel-macos-arm64, r-oldrel-macos-x86_64, r-oldrel-windows-x86_64