Last updated on 2024-07-01 04:48:27 CEST.
Flavor | Version | Tinstall | Tcheck | Ttotal | Status | Flags |
---|---|---|---|---|---|---|
r-devel-linux-x86_64-debian-clang | 1.0 | 82.32 | 82.53 | 164.85 | OK | |
r-devel-linux-x86_64-debian-gcc | 1.0 | 49.36 | 61.78 | 111.14 | OK | |
r-devel-linux-x86_64-fedora-clang | 1.0 | 200.93 | OK | |||
r-devel-linux-x86_64-fedora-gcc | 1.0 | 207.95 | OK | |||
r-devel-windows-x86_64 | 1.0 | 54.00 | 91.00 | 145.00 | OK | |
r-patched-linux-x86_64 | 1.0 | 63.42 | 78.35 | 141.77 | OK | |
r-release-linux-x86_64 | 1.0 | 61.09 | 79.12 | 140.21 | OK | |
r-release-macos-arm64 | 1.0 | 54.00 | NOTE | |||
r-release-macos-x86_64 | 1.0 | 73.00 | NOTE | |||
r-release-windows-x86_64 | 1.0 | 54.00 | 90.00 | 144.00 | OK | |
r-oldrel-macos-arm64 | 1.0 | 60.00 | NOTE | |||
r-oldrel-macos-x86_64 | 1.0 | 99.00 | NOTE | |||
r-oldrel-windows-x86_64 | 1.0 | 66.00 | 111.00 | 177.00 | OK |
Version: 1.0
Check: installed package size
Result: NOTE
installed size is 6.3Mb
sub-directories of 1Mb or more:
libs 6.1Mb
Flavors: r-release-macos-arm64, r-release-macos-x86_64, r-oldrel-macos-arm64, r-oldrel-macos-x86_64