Last updated on 2025-02-04 02:50:03 CET.
Flavor | Version | Tinstall | Tcheck | Ttotal | Status | Flags |
---|---|---|---|---|---|---|
r-devel-linux-x86_64-debian-clang | 1.1 | 74.82 | 28.49 | 103.31 | OK | |
r-devel-linux-x86_64-debian-gcc | 1.1 | 58.33 | 21.66 | 79.99 | OK | |
r-devel-linux-x86_64-fedora-clang | 1.1 | 160.46 | OK | |||
r-devel-linux-x86_64-fedora-gcc | 1.1 | 166.82 | OK | |||
r-devel-windows-x86_64 | 1.1 | 69.00 | 50.00 | 119.00 | OK | |
r-patched-linux-x86_64 | 1.1 | 65.07 | 27.35 | 92.42 | OK | |
r-release-linux-x86_64 | 1.1 | 74.55 | 28.14 | 102.69 | OK | |
r-release-macos-arm64 | 1.1 | 84.00 | NOTE | |||
r-release-macos-x86_64 | 1.1 | 91.00 | NOTE | |||
r-release-windows-x86_64 | 1.1 | 68.00 | 50.00 | 118.00 | NOTE | |
r-oldrel-macos-arm64 | 1.1 | 81.00 | NOTE | |||
r-oldrel-macos-x86_64 | 1.1 | 106.00 | NOTE | |||
r-oldrel-windows-x86_64 | 1.1 | 68.00 | 54.00 | 122.00 | NOTE |
Version: 1.1
Check: installed package size
Result: NOTE
installed size is 10.4Mb
sub-directories of 1Mb or more:
data 10.2Mb
Flavors: r-release-macos-arm64, r-release-macos-x86_64, r-release-windows-x86_64, r-oldrel-macos-arm64, r-oldrel-macos-x86_64, r-oldrel-windows-x86_64