Last updated on 2024-07-01 04:48:27 CEST.
Flavor | Version | Tinstall | Tcheck | Ttotal | Status | Flags |
---|---|---|---|---|---|---|
r-devel-linux-x86_64-debian-clang | 1.0.2 | 7.12 | 62.40 | 69.52 | NOTE | |
r-devel-linux-x86_64-debian-gcc | 1.0.2 | 4.60 | 43.54 | 48.14 | NOTE | |
r-devel-linux-x86_64-fedora-clang | 1.0.2 | 83.33 | NOTE | |||
r-devel-linux-x86_64-fedora-gcc | 1.0.2 | 78.44 | NOTE | |||
r-devel-windows-x86_64 | 1.0.2 | 6.00 | 65.00 | 71.00 | NOTE | |
r-patched-linux-x86_64 | 1.0.2 | 4.45 | 57.81 | 62.26 | NOTE | |
r-release-linux-x86_64 | 1.0.2 | 6.07 | 59.02 | 65.09 | NOTE | |
r-release-macos-arm64 | 1.0.2 | 26.00 | NOTE | |||
r-release-macos-x86_64 | 1.0.2 | 39.00 | NOTE | |||
r-release-windows-x86_64 | 1.0.2 | 5.00 | 64.00 | 69.00 | NOTE | |
r-oldrel-macos-arm64 | 1.0.2 | 27.00 | OK | |||
r-oldrel-macos-x86_64 | 1.0.2 | 54.00 | OK | |||
r-oldrel-windows-x86_64 | 1.0.2 | 7.00 | 76.00 | 83.00 | OK |
Version: 1.0.2
Check: Rd files
Result: NOTE
checkRd: (-1) est_S_Plus_Plus_MethodA.Rd:31: Lost braces; missing escapes or markup?
31 | \item{trt_diff}{Estimate of treatment difference for S_{++} using Method A}
| ^
checkRd: (-1) est_S_Plus_Plus_MethodB.Rd:31: Lost braces; missing escapes or markup?
31 | \item{trt_diff}{Estimate of treatment difference for S_{++} using Method B}
| ^
checkRd: (-1) est_S_Star_Plus_MethodA.Rd:29: Lost braces; missing escapes or markup?
29 | \item{trt_diff}{Estimate of treatment difference for S_{++} using Method A}
| ^
checkRd: (-1) est_S_Star_Plus_MethodB.Rd:29: Lost braces; missing escapes or markup?
29 | \item{trt_diff}{Estimate of treatment difference for S_{*+} using Method B}
| ^
Flavors: r-devel-linux-x86_64-debian-clang, r-devel-linux-x86_64-debian-gcc, r-devel-linux-x86_64-fedora-clang, r-devel-linux-x86_64-fedora-gcc, r-devel-windows-x86_64, r-patched-linux-x86_64, r-release-linux-x86_64, r-release-macos-arm64, r-release-macos-x86_64, r-release-windows-x86_64