Last updated on 2024-06-30 04:55:41 CEST.
Flavor | Version | Tinstall | Tcheck | Ttotal | Status | Flags |
---|---|---|---|---|---|---|
r-devel-linux-x86_64-debian-clang | 1.0 | 2.91 | 33.24 | 36.15 | NOTE | |
r-devel-linux-x86_64-debian-gcc | 1.0 | 2.47 | 25.42 | 27.89 | NOTE | |
r-devel-linux-x86_64-fedora-clang | 1.0 | 45.23 | NOTE | |||
r-devel-linux-x86_64-fedora-gcc | 1.0 | 42.92 | NOTE | |||
r-devel-windows-x86_64 | 1.0 | 4.00 | 46.00 | 50.00 | OK | |
r-patched-linux-x86_64 | 1.0 | 2.89 | 31.76 | 34.65 | NOTE | |
r-release-linux-x86_64 | 1.0 | 3.05 | 32.27 | 35.32 | NOTE | |
r-release-macos-arm64 | 1.0 | 17.00 | OK | |||
r-release-macos-x86_64 | 1.0 | 26.00 | OK | |||
r-release-windows-x86_64 | 1.0 | 4.00 | 46.00 | 50.00 | OK | |
r-oldrel-macos-arm64 | 1.0 | 18.00 | OK | |||
r-oldrel-macos-x86_64 | 1.0 | 26.00 | OK | |||
r-oldrel-windows-x86_64 | 1.0 | 5.00 | 49.00 | 54.00 | OK |
Version: 1.0
Check: for non-standard things in the check directory
Result: NOTE
Found the following files/directories:
‘ReconstructedData.txt’ ‘ReconstructedDataStDev.txt’
‘ResampledReconstructions.txt’
‘ResampledReconstructionsStandardVariation.txt’
Flavors: r-devel-linux-x86_64-debian-clang, r-devel-linux-x86_64-debian-gcc, r-devel-linux-x86_64-fedora-clang, r-devel-linux-x86_64-fedora-gcc, r-patched-linux-x86_64, r-release-linux-x86_64