Last updated on 2024-06-17 01:48:45 CEST.
Flavor | Version | Tinstall | Tcheck | Ttotal | Status | Flags |
---|---|---|---|---|---|---|
r-devel-linux-x86_64-debian-clang | 3.1 | 20.39 | 123.31 | 143.70 | NOTE | |
r-devel-linux-x86_64-debian-gcc | 3.1 | 12.59 | 89.53 | 102.12 | NOTE | |
r-devel-linux-x86_64-fedora-clang | 3.1 | 173.96 | NOTE | |||
r-devel-linux-x86_64-fedora-gcc | 3.1 | 157.17 | NOTE | |||
r-devel-windows-x86_64 | 3.1 | 15.00 | 109.00 | 124.00 | NOTE | |
r-patched-linux-x86_64 | 3.1 | 15.79 | 116.48 | 132.27 | NOTE | |
r-release-linux-x86_64 | 3.1 | 13.91 | 116.31 | 130.22 | NOTE | |
r-release-macos-arm64 | 3.1 | 44.00 | NOTE | |||
r-release-macos-x86_64 | 3.1 | 67.00 | NOTE | |||
r-release-windows-x86_64 | 3.1 | 16.00 | 111.00 | 127.00 | NOTE | |
r-oldrel-macos-arm64 | 3.1 | 46.00 | OK | |||
r-oldrel-macos-x86_64 | 3.1 | 77.00 | OK | |||
r-oldrel-windows-x86_64 | 3.1 | 19.00 | 133.00 | 152.00 | OK |
Version: 3.1
Check: Rd files
Result: NOTE
checkRd: (-1) createDemandSite.Rd:26: Lost braces
26 | \item{suppliers}{(optional) A list of object(s) inherited from the folowing classes: \code{\link[WRSS]{createAquifer}}, \code{\link[WRSS]{createRiver}}, \code{\link[WRSS]{createReservoir}}, code{\link[WRSS]{createDiversion}}.}
| ^
checkRd: (-1) createDemandSite.base.Rd:26: Lost braces
26 | \item{suppliers}{(optional) A list of object(s) inherited from the folowing classes: \code{\link[WRSS]{createAquifer}}, \code{\link[WRSS]{createRiver}}, \code{\link[WRSS]{createReservoir}}, code{\link[WRSS]{createDiversion}}.}
| ^
checkRd: (-1) createDemandSite.default.Rd:32: Lost braces
32 | \item{suppliers}{(optional) A list of object(s) inherited from the folowing classes: \code{\link[WRSS]{createAquifer}}, \code{\link[WRSS]{createRiver}}, \code{\link[WRSS]{createReservoir}}, code{\link[WRSS]{createDiversion}}.}
| ^
Flavors: r-devel-linux-x86_64-debian-clang, r-devel-linux-x86_64-debian-gcc, r-devel-linux-x86_64-fedora-clang, r-devel-linux-x86_64-fedora-gcc, r-devel-windows-x86_64, r-patched-linux-x86_64, r-release-linux-x86_64, r-release-macos-arm64, r-release-macos-x86_64, r-release-windows-x86_64