Last updated on 2024-07-01 04:48:49 CEST.
Flavor | Version | Tinstall | Tcheck | Ttotal | Status | Flags |
---|---|---|---|---|---|---|
r-devel-linux-x86_64-debian-clang | 1.4 | 147.64 | 99.03 | 246.67 | OK | |
r-devel-linux-x86_64-debian-gcc | 1.4 | 98.55 | 76.38 | 174.93 | OK | |
r-devel-linux-x86_64-fedora-clang | 1.4 | 366.61 | OK | |||
r-devel-linux-x86_64-fedora-gcc | 1.4 | 361.66 | OK | |||
r-devel-windows-x86_64 | 1.4 | 118.00 | 107.00 | 225.00 | OK | |
r-patched-linux-x86_64 | 1.4 | 120.51 | 101.39 | 221.90 | OK | |
r-release-linux-x86_64 | 1.4 | 115.81 | 101.76 | 217.57 | OK | |
r-release-macos-arm64 | 1.4 | 69.00 | NOTE | |||
r-release-macos-x86_64 | 1.4 | 85.00 | NOTE | |||
r-release-windows-x86_64 | 1.4 | 116.00 | 103.00 | 219.00 | OK | |
r-oldrel-macos-arm64 | 1.4 | 85.00 | NOTE | |||
r-oldrel-macos-x86_64 | 1.4 | 98.00 | NOTE | |||
r-oldrel-windows-x86_64 | 1.4 | 147.00 | 126.00 | 273.00 | OK |
Version: 1.4
Check: installed package size
Result: NOTE
installed size is 5.0Mb
sub-directories of 1Mb or more:
libs 4.3Mb
Flavors: r-release-macos-arm64, r-release-macos-x86_64, r-oldrel-macos-arm64, r-oldrel-macos-x86_64