Last updated on 2024-07-01 04:48:48 CEST.
Flavor | Version | Tinstall | Tcheck | Ttotal | Status | Flags |
---|---|---|---|---|---|---|
r-devel-linux-x86_64-debian-clang | 1.0.0 | 25.42 | 32.66 | 58.08 | OK | |
r-devel-linux-x86_64-debian-gcc | 1.0.0 | 14.28 | 24.94 | 39.22 | OK | |
r-devel-linux-x86_64-fedora-clang | 1.0.0 | 75.92 | NOTE | |||
r-devel-linux-x86_64-fedora-gcc | 1.0.0 | 71.90 | NOTE | |||
r-devel-windows-x86_64 | 1.0.0 | 19.00 | 235.00 | 254.00 | OK | |
r-patched-linux-x86_64 | 1.0.0 | 14.15 | 31.04 | 45.19 | OK | |
r-release-linux-x86_64 | 1.0.0 | 18.26 | 31.25 | 49.51 | OK | |
r-release-macos-arm64 | 1.0.0 | 23.00 | OK | |||
r-release-macos-x86_64 | 1.0.0 | 32.00 | OK | |||
r-release-windows-x86_64 | 1.0.0 | 19.00 | 64.00 | 83.00 | OK | |
r-oldrel-macos-arm64 | 1.0.0 | 30.00 | OK | |||
r-oldrel-macos-x86_64 | 1.0.0 | 43.00 | OK | |||
r-oldrel-windows-x86_64 | 1.0.0 | 24.00 | 127.00 | 151.00 | OK |
Version: 1.0.0
Check: dependencies in R code
Result: NOTE
Namespace in Imports field not imported from: ‘MASS’
All declared Imports should be used.
Flavors: r-devel-linux-x86_64-fedora-clang, r-devel-linux-x86_64-fedora-gcc