Last updated on 2025-02-10 02:50:06 CET.
Flavor | Version | Tinstall | Tcheck | Ttotal | Status | Flags |
---|---|---|---|---|---|---|
r-devel-linux-x86_64-debian-clang | 0.12.10 | 17.12 | 121.95 | 139.07 | NOTE | |
r-devel-linux-x86_64-debian-gcc | 0.12.10 | 11.93 | 91.12 | 103.05 | NOTE | |
r-devel-linux-x86_64-fedora-clang | 0.12.10 | 224.18 | OK | |||
r-devel-linux-x86_64-fedora-gcc | 0.12.10 | 215.31 | OK | |||
r-devel-windows-x86_64 | 0.12.10 | 17.00 | 120.00 | 137.00 | NOTE | |
r-patched-linux-x86_64 | 0.12.10 | 23.38 | 114.05 | 137.43 | OK | |
r-release-linux-x86_64 | 0.12.10 | 13.07 | 112.78 | 125.85 | OK | |
r-release-macos-arm64 | 0.12.10 | 59.00 | OK | |||
r-release-macos-x86_64 | 0.12.10 | 91.00 | OK | |||
r-release-windows-x86_64 | 0.12.10 | 16.00 | 270.00 | 286.00 | OK | |
r-oldrel-macos-arm64 | 0.12.10 | 76.00 | NOTE | |||
r-oldrel-macos-x86_64 | 0.12.10 | 91.00 | NOTE | |||
r-oldrel-windows-x86_64 | 0.12.10 | 21.00 | 300.00 | 321.00 | OK |
Version: 0.12.10
Check: Rd cross-references
Result: NOTE
Found the following Rd file(s) with Rd \link{} targets missing package
anchors:
plot1GS.Rd: element_text, +.gg
plotFit.GS.Rd: +.gg
plotMultipleGS.Rd: element_text, +.gg
plotPat.1GS.Rd: element_text, +.gg
plotSelect.GS.Rd: element_text, +.gg
Please provide package anchors for all Rd \link{} targets not in the
package itself and the base packages.
Flavors: r-devel-linux-x86_64-debian-clang, r-devel-linux-x86_64-debian-gcc, r-devel-windows-x86_64
Version: 0.12.10
Check: package dependencies
Result: NOTE
Packages suggested but not available for checking: 'dearseq', 'GEOquery'
Flavor: r-oldrel-macos-arm64
Version: 0.12.10
Check: Rd cross-references
Result: NOTE
Package unavailable to check Rd xrefs: ‘dearseq’
Flavors: r-oldrel-macos-arm64, r-oldrel-macos-x86_64
Version: 0.12.10
Check: package dependencies
Result: NOTE
Package suggested but not available for checking: ‘dearseq’
Flavor: r-oldrel-macos-x86_64