Last updated on 2024-07-01 04:48:48 CEST.
Flavor | Version | Tinstall | Tcheck | Ttotal | Status | Flags |
---|---|---|---|---|---|---|
r-devel-linux-x86_64-debian-clang | 0.8.3 | 2.56 | 48.97 | 51.53 | OK | |
r-devel-linux-x86_64-debian-gcc | 0.8.3 | 2.05 | 36.22 | 38.27 | OK | |
r-devel-linux-x86_64-fedora-clang | 0.8.3 | 63.52 | NOTE | |||
r-devel-linux-x86_64-fedora-gcc | 0.8.3 | 59.01 | NOTE | |||
r-devel-windows-x86_64 | 0.8.3 | 3.00 | 63.00 | 66.00 | OK | |
r-patched-linux-x86_64 | 0.8.3 | 2.21 | 47.32 | 49.53 | ERROR | |
r-release-linux-x86_64 | 0.8.3 | 2.64 | 44.53 | 47.17 | OK | |
r-release-macos-arm64 | 0.8.3 | 30.00 | OK | |||
r-release-macos-x86_64 | 0.8.3 | 45.00 | OK | |||
r-release-windows-x86_64 | 0.8.3 | 3.00 | 114.00 | 117.00 | OK | |
r-oldrel-macos-arm64 | 0.8.3 | 31.00 | OK | |||
r-oldrel-macos-x86_64 | 0.8.3 | 61.00 | OK | |||
r-oldrel-windows-x86_64 | 0.8.3 | 4.00 | 70.00 | 74.00 | OK |
Version: 0.8.3
Check: dependencies in R code
Result: NOTE
Namespace in Imports field not imported from: ‘MASS’
All declared Imports should be used.
Flavors: r-devel-linux-x86_64-fedora-clang, r-devel-linux-x86_64-fedora-gcc
Version: 0.8.3
Check: tests
Result: ERROR
Running ‘testthat.R’ [10s/14s]
Running the tests in ‘tests/testthat.R’ failed.
Complete output:
> library(testthat)
> library(TPCselect)
>
> test_check("TPCselect")
[ FAIL 1 | WARN 0 | SKIP 0 | PASS 5 ]
══ Failed tests ════════════════════════════════════════════════════════════════
── Failure ('test-TPC.R:25:3'): test the main functions (TPC) ──────────────────
as.vector(TPC.fit$beta) (`actual`) not equal to `truebeta` (`expected`).
`actual[1:5]`: 2.9 1.6 0.0 0.0 2.0
`expected[1:5]`: 3.0 1.5 0.0 0.0 2.0
`actual[197:200]`: 0.0 0.0 0.0 0.4
`expected[197:200]`: 0.0 0.0 0.0 0.0
[ FAIL 1 | WARN 0 | SKIP 0 | PASS 5 ]
Error: Test failures
Execution halted
Flavor: r-patched-linux-x86_64