Last updated on 2024-07-01 04:48:47 CEST.
Flavor | Version | Tinstall | Tcheck | Ttotal | Status | Flags |
---|---|---|---|---|---|---|
r-devel-linux-x86_64-debian-clang | 0.1.0 | 10.37 | 93.88 | 104.25 | NOTE | |
r-devel-linux-x86_64-debian-gcc | 0.1.0 | 8.49 | 69.75 | 78.24 | NOTE | |
r-devel-linux-x86_64-fedora-clang | 0.1.0 | 131.57 | NOTE | |||
r-devel-linux-x86_64-fedora-gcc | 0.1.0 | 124.47 | NOTE | |||
r-devel-windows-x86_64 | 0.1.0 | 10.00 | 82.00 | 92.00 | NOTE | |
r-patched-linux-x86_64 | 0.1.0 | 7.81 | 88.50 | 96.31 | NOTE | |
r-release-linux-x86_64 | 0.1.0 | 8.05 | 88.32 | 96.37 | NOTE | |
r-release-macos-arm64 | 0.1.0 | 40.00 | NOTE | |||
r-release-macos-x86_64 | 0.1.0 | 60.00 | NOTE | |||
r-release-windows-x86_64 | 0.1.0 | 10.00 | 82.00 | 92.00 | NOTE | |
r-oldrel-macos-arm64 | 0.1.0 | 48.00 | NOTE | |||
r-oldrel-macos-x86_64 | 0.1.0 | 68.00 | NOTE | |||
r-oldrel-windows-x86_64 | 0.1.0 | 12.00 | 107.00 | 119.00 | NOTE |
Version: 0.1.0
Check: LazyData
Result: NOTE
'LazyData' is specified without a 'data' directory
Flavors: r-devel-linux-x86_64-debian-clang, r-devel-linux-x86_64-debian-gcc, r-devel-linux-x86_64-fedora-clang, r-devel-linux-x86_64-fedora-gcc, r-devel-windows-x86_64, r-patched-linux-x86_64, r-release-linux-x86_64, r-release-macos-arm64, r-release-macos-x86_64, r-release-windows-x86_64, r-oldrel-macos-arm64, r-oldrel-macos-x86_64, r-oldrel-windows-x86_64