Last updated on 2025-02-04 02:50:23 CET.
Flavor | Version | Tinstall | Tcheck | Ttotal | Status | Flags |
---|---|---|---|---|---|---|
r-devel-linux-x86_64-debian-clang | 0.1.2 | 2.68 | 26.20 | 28.88 | NOTE | |
r-devel-linux-x86_64-debian-gcc | 0.1.2 | 1.85 | 20.86 | 22.71 | NOTE | |
r-devel-linux-x86_64-fedora-clang | 0.1.2 | 50.86 | NOTE | |||
r-devel-linux-x86_64-fedora-gcc | 0.1.2 | 44.23 | NOTE | |||
r-devel-windows-x86_64 | 0.1.2 | 4.00 | 53.00 | 57.00 | NOTE | |
r-patched-linux-x86_64 | 0.1.2 | 2.82 | 25.41 | 28.23 | OK | |
r-release-linux-x86_64 | 0.1.2 | 2.53 | 25.17 | 27.70 | OK | |
r-release-macos-arm64 | 0.1.2 | 20.00 | OK | |||
r-release-macos-x86_64 | 0.1.2 | 46.00 | OK | |||
r-release-windows-x86_64 | 0.1.2 | 5.00 | 52.00 | 57.00 | OK | |
r-oldrel-macos-arm64 | 0.1.2 | 24.00 | OK | |||
r-oldrel-macos-x86_64 | 0.1.2 | 38.00 | OK | |||
r-oldrel-windows-x86_64 | 0.1.2 | 4.00 | 56.00 | 60.00 | OK |
Version: 0.1.2
Check: DESCRIPTION meta-information
Result: NOTE
Missing dependency on R >= 4.1.0 because package code uses the pipe
|> or function shorthand \(...) syntax added in R 4.1.0.
File(s) using such syntax:
‘format_code.R’
Flavors: r-devel-linux-x86_64-debian-clang, r-devel-linux-x86_64-debian-gcc, r-devel-linux-x86_64-fedora-clang, r-devel-linux-x86_64-fedora-gcc, r-devel-windows-x86_64