Last updated on 2024-07-01 04:48:47 CEST.
Flavor | Version | Tinstall | Tcheck | Ttotal | Status | Flags |
---|---|---|---|---|---|---|
r-devel-linux-x86_64-debian-clang | 1.5 | 7.07 | 66.31 | 73.38 | NOTE | |
r-devel-linux-x86_64-debian-gcc | 1.5 | 4.40 | 47.84 | 52.24 | NOTE | |
r-devel-linux-x86_64-fedora-clang | 1.5 | 88.81 | NOTE | |||
r-devel-linux-x86_64-fedora-gcc | 1.5 | 83.75 | NOTE | |||
r-devel-windows-x86_64 | 1.5 | 6.00 | 65.00 | 71.00 | NOTE | |
r-patched-linux-x86_64 | 1.5 | 6.19 | 64.22 | 70.41 | NOTE | |
r-release-linux-x86_64 | 1.5 | 3.63 | 61.97 | 65.60 | NOTE | |
r-release-macos-arm64 | 1.5 | 27.00 | NOTE | |||
r-release-macos-x86_64 | 1.5 | 37.00 | NOTE | |||
r-release-windows-x86_64 | 1.5 | 6.00 | 66.00 | 72.00 | NOTE | |
r-oldrel-macos-arm64 | 1.5 | 26.00 | OK | |||
r-oldrel-macos-x86_64 | 1.5 | 40.00 | OK | |||
r-oldrel-windows-x86_64 | 1.5 | 7.00 | 77.00 | 84.00 | OK |
Version: 1.5
Check: Rd files
Result: NOTE
checkRd: (-1) adaptIntegrateSpherePolar.Rd:14: Lost braces
14 | code{adaptIntegrateBallPolar()} will likely miss these abrupt changes and give
| ^
Flavors: r-devel-linux-x86_64-debian-clang, r-devel-linux-x86_64-debian-gcc, r-devel-linux-x86_64-fedora-clang, r-devel-linux-x86_64-fedora-gcc, r-devel-windows-x86_64, r-patched-linux-x86_64, r-release-linux-x86_64, r-release-macos-arm64, r-release-macos-x86_64, r-release-windows-x86_64