Last updated on 2024-07-01 04:48:46 CEST.
Flavor | Version | Tinstall | Tcheck | Ttotal | Status | Flags |
---|---|---|---|---|---|---|
r-devel-linux-x86_64-debian-clang | 1.0.6 | 39.30 | 369.65 | 408.95 | NOTE | |
r-devel-linux-x86_64-debian-gcc | 1.0.6 | 32.88 | 266.03 | 298.91 | NOTE | |
r-devel-linux-x86_64-fedora-clang | 1.0.6 | 538.06 | NOTE | |||
r-devel-linux-x86_64-fedora-gcc | 1.0.6 | 488.02 | NOTE | |||
r-devel-windows-x86_64 | 1.0.6 | 33.00 | 230.00 | 263.00 | NOTE | |
r-patched-linux-x86_64 | 1.0.6 | 33.36 | 349.48 | 382.84 | OK | |
r-release-linux-x86_64 | 1.0.6 | 35.99 | 345.67 | 381.66 | OK | |
r-release-macos-arm64 | 1.0.6 | 115.00 | OK | |||
r-release-macos-x86_64 | 1.0.6 | 191.00 | OK | |||
r-release-windows-x86_64 | 1.0.6 | 34.00 | 230.00 | 264.00 | OK | |
r-oldrel-macos-arm64 | 1.0.6 | 142.00 | OK | |||
r-oldrel-macos-x86_64 | 1.0.6 | 428.00 | OK | |||
r-oldrel-windows-x86_64 | 1.0.6 | 45.00 | 310.00 | 355.00 | OK |
Version: 1.0.6
Check: compiled code
Result: NOTE
File ‘SiMRiv/libs/SiMRiv.so’:
Found non-API call to R: ‘SET_TYPEOF’
Compiled code should not call non-API entry points in R.
See ‘Writing portable packages’ in the ‘Writing R Extensions’ manual.
See section ‘Moving into C API compliance’ in the ‘Writing R
Extensions’ manual for issues with use of non-API entry points.
Flavors: r-devel-linux-x86_64-debian-clang, r-devel-linux-x86_64-debian-gcc, r-devel-linux-x86_64-fedora-gcc
Version: 1.0.6
Check: compiled code
Result: NOTE
File ‘SiMRiv/libs/SiMRiv.so’:
Found non-API call to R: ‘SET_TYPEOF’
Compiled code should not call non-API entry points in R.
See ‘Writing portable packages’ in the ‘Writing R Extensions’ manual,
and section ‘Moving into C API compliance’ for issues with the use of
non-API entry points.
Flavor: r-devel-linux-x86_64-fedora-clang
Version: 1.0.6
Check: compiled code
Result: NOTE
File 'SiMRiv/libs/x64/SiMRiv.dll':
Found non-API call to R: 'SET_TYPEOF'
Compiled code should not call non-API entry points in R.
See 'Writing portable packages' in the 'Writing R Extensions' manual.
See section 'Moving into C API compliance' in the 'Writing R
Extensions' manual for issues with use of non-API entry points.
Flavor: r-devel-windows-x86_64