Last updated on 2024-07-01 04:48:44 CEST.
Flavor | Version | Tinstall | Tcheck | Ttotal | Status | Flags |
---|---|---|---|---|---|---|
r-devel-linux-x86_64-debian-clang | 1.2.1 | 24.65 | 203.28 | 227.93 | OK | |
r-devel-linux-x86_64-debian-gcc | 1.2.1 | 16.26 | 145.69 | 161.95 | OK | |
r-devel-linux-x86_64-fedora-clang | 1.2.1 | 282.01 | NOTE | |||
r-devel-linux-x86_64-fedora-gcc | 1.2.1 | 267.96 | OK | |||
r-devel-windows-x86_64 | 1.2.1 | 20.00 | 149.00 | 169.00 | OK | |
r-patched-linux-x86_64 | 1.2.1 | 18.43 | 191.52 | 209.95 | OK | |
r-release-linux-x86_64 | 1.2.1 | 20.82 | 198.53 | 219.35 | OK | |
r-release-macos-arm64 | 1.2.1 | 67.00 | OK | |||
r-release-macos-x86_64 | 1.2.1 | 140.00 | OK | |||
r-release-windows-x86_64 | 1.2.1 | 19.00 | 151.00 | 170.00 | OK | |
r-oldrel-macos-arm64 | 1.2.1 | 84.00 | OK | |||
r-oldrel-macos-x86_64 | 1.2.1 | 187.00 | OK | |||
r-oldrel-windows-x86_64 | 1.2.1 | 27.00 | 193.00 | 220.00 | OK |
Version: 1.2.1
Check: Rd cross-references
Result: NOTE
Undeclared package ‘ROptEst’ in Rd xrefs
Flavor: r-devel-linux-x86_64-fedora-clang