Last updated on 2024-07-01 04:48:44 CEST.
Flavor | Version | Tinstall | Tcheck | Ttotal | Status | Flags |
---|---|---|---|---|---|---|
r-devel-linux-x86_64-debian-clang | 0.1.6.2 | 47.36 | 36.97 | 84.33 | NOTE | |
r-devel-linux-x86_64-debian-gcc | 0.1.6.2 | 29.85 | 28.11 | 57.96 | NOTE | |
r-devel-linux-x86_64-fedora-clang | 0.1.6.2 | 110.48 | NOTE | |||
r-devel-linux-x86_64-fedora-gcc | 0.1.6.2 | 109.83 | NOTE | |||
r-devel-windows-x86_64 | 0.1.6.2 | 34.00 | 68.00 | 102.00 | NOTE | |
r-patched-linux-x86_64 | 0.1.6.2 | 36.95 | 34.38 | 71.33 | NOTE | |
r-release-linux-x86_64 | 0.1.6.2 | 35.25 | 34.87 | 70.12 | NOTE | |
r-release-macos-arm64 | 0.1.6.2 | 11.00 | ERROR | |||
r-release-macos-x86_64 | 0.1.6.2 | 13.00 | ERROR | |||
r-release-windows-x86_64 | 0.1.6.2 | 33.00 | 68.00 | 101.00 | NOTE | |
r-oldrel-macos-arm64 | 0.1.6.2 | 15.00 | ERROR | |||
r-oldrel-macos-x86_64 | 0.1.6.2 | 16.00 | ERROR | |||
r-oldrel-windows-x86_64 | 0.1.6.2 | 41.00 | 81.00 | 122.00 | NOTE |
Version: 0.1.6.2
Check: LazyData
Result: NOTE
'LazyData' is specified without a 'data' directory
Flavors: r-devel-linux-x86_64-debian-clang, r-devel-linux-x86_64-debian-gcc, r-devel-linux-x86_64-fedora-clang, r-devel-linux-x86_64-fedora-gcc, r-devel-windows-x86_64, r-patched-linux-x86_64, r-release-linux-x86_64, r-release-windows-x86_64, r-oldrel-windows-x86_64
Version: 0.1.6.2
Check: whether package can be installed
Result: ERROR
Installation failed.
Flavors: r-release-macos-arm64, r-release-macos-x86_64, r-oldrel-macos-arm64, r-oldrel-macos-x86_64