Last updated on 2025-02-10 02:50:02 CET.
Flavor | Version | Tinstall | Tcheck | Ttotal | Status | Flags |
---|---|---|---|---|---|---|
r-devel-linux-x86_64-debian-clang | 0.1.9 | 9.11 | 95.42 | 104.53 | OK | |
r-devel-linux-x86_64-debian-gcc | 0.1.9 | 6.51 | 67.23 | 73.74 | OK | |
r-devel-linux-x86_64-fedora-clang | 0.1.9 | 180.27 | OK | |||
r-devel-linux-x86_64-fedora-gcc | 0.1.9 | 179.39 | OK | |||
r-devel-windows-x86_64 | 0.1.9 | 11.00 | 117.00 | 128.00 | OK | |
r-patched-linux-x86_64 | 0.1.9 | 10.36 | 88.17 | 98.53 | OK | |
r-release-linux-x86_64 | 0.1.9 | 8.62 | 88.73 | 97.35 | OK | |
r-release-macos-arm64 | 0.1.9 | 57.00 | OK | |||
r-release-macos-x86_64 | 0.1.9 | 111.00 | NOTE | |||
r-release-windows-x86_64 | 0.1.9 | 12.00 | 117.00 | 129.00 | OK | |
r-oldrel-macos-arm64 | 0.1.9 | 62.00 | NOTE | |||
r-oldrel-macos-x86_64 | 0.1.9 | 104.00 | NOTE | |||
r-oldrel-windows-x86_64 | 0.1.9 | 14.00 | 136.00 | 150.00 | OK |
Version: 0.1.9
Check: package dependencies
Result: NOTE
Packages suggested but not available for checking: 'PADOG', 'safe'
Flavor: r-release-macos-x86_64
Version: 0.1.9
Check: Rd cross-references
Result: NOTE
Packages unavailable to check Rd xrefs: ‘PADOG’, ‘safe’
Flavor: r-release-macos-x86_64
Version: 0.1.9
Check: package dependencies
Result: NOTE
Packages suggested but not available for checking: 'PADOG', 'GSVA'
Flavors: r-oldrel-macos-arm64, r-oldrel-macos-x86_64
Version: 0.1.9
Check: Rd cross-references
Result: NOTE
Packages unavailable to check Rd xrefs: ‘GSVA’, ‘PADOG’
Flavors: r-oldrel-macos-arm64, r-oldrel-macos-x86_64