Last updated on 2025-02-04 02:50:19 CET.
Flavor | Version | Tinstall | Tcheck | Ttotal | Status | Flags |
---|---|---|---|---|---|---|
r-devel-linux-x86_64-debian-clang | 0.4-12.4 | 18.29 | 168.10 | 186.39 | NOTE | |
r-devel-linux-x86_64-debian-gcc | 0.4-12.4 | 13.66 | 117.16 | 130.82 | NOTE | |
r-devel-linux-x86_64-fedora-clang | 0.4-12.4 | 303.08 | OK | |||
r-devel-linux-x86_64-fedora-gcc | 0.4-12.4 | 304.43 | OK | |||
r-devel-windows-x86_64 | 0.4-12.4 | 26.00 | 249.00 | 275.00 | NOTE | |
r-patched-linux-x86_64 | 0.4-12.4 | 23.36 | 154.57 | 177.93 | OK | |
r-release-linux-x86_64 | 0.4-12.4 | 18.60 | 153.51 | 172.11 | OK | |
r-release-macos-arm64 | 0.4-12.4 | 86.00 | OK | |||
r-release-macos-x86_64 | 0.4-12.4 | 217.00 | OK | |||
r-release-windows-x86_64 | 0.4-12.4 | 22.00 | 247.00 | 269.00 | OK | |
r-oldrel-macos-arm64 | 0.4-12.4 | 101.00 | OK | |||
r-oldrel-macos-x86_64 | 0.4-12.4 | 165.00 | OK | |||
r-oldrel-windows-x86_64 | 0.4-12.4 | 28.00 | 277.00 | 305.00 | OK |
Version: 0.4-12.4
Check: Rd cross-references
Result: NOTE
Found the following Rd file(s) with Rd \link{} targets missing package
anchors:
RecLinkData.object.rd: bincombinations
trainSupv.Rd: rpart
Please provide package anchors for all Rd \link{} targets not in the
package itself and the base packages.
Flavors: r-devel-linux-x86_64-debian-clang, r-devel-linux-x86_64-debian-gcc, r-devel-windows-x86_64