Last updated on 2024-07-01 04:48:43 CEST.
Flavor | Version | Tinstall | Tcheck | Ttotal | Status | Flags |
---|---|---|---|---|---|---|
r-devel-linux-x86_64-debian-clang | 1.0.1 | 37.43 | 50.07 | 87.50 | NOTE | |
r-devel-linux-x86_64-debian-gcc | 1.0.1 | 31.01 | 38.74 | 69.75 | NOTE | |
r-devel-linux-x86_64-fedora-clang | 1.0.1 | 128.47 | NOTE | |||
r-devel-linux-x86_64-fedora-gcc | 1.0.1 | 127.27 | NOTE | |||
r-devel-windows-x86_64 | 1.0.1 | 36.00 | 79.00 | 115.00 | NOTE | |
r-patched-linux-x86_64 | 1.0.1 | 37.33 | 49.40 | 86.73 | NOTE | |
r-release-linux-x86_64 | 1.0.1 | 33.39 | 49.25 | 82.64 | NOTE | |
r-release-macos-arm64 | 1.0.1 | 33.00 | NOTE | |||
r-release-macos-x86_64 | 1.0.1 | 44.00 | NOTE | |||
r-release-windows-x86_64 | 1.0.1 | 36.00 | 83.00 | 119.00 | NOTE | |
r-oldrel-macos-arm64 | 1.0.1 | 33.00 | OK | |||
r-oldrel-macos-x86_64 | 1.0.1 | 80.00 | OK | |||
r-oldrel-windows-x86_64 | 1.0.1 | 44.00 | 89.00 | 133.00 | OK |
Version: 1.0.1
Check: Rd files
Result: NOTE
checkRd: (-1) ReAD.Rd:19: Lost braces; missing escapes or markup?
19 | \item{pi}{An estimate of the stationary probabilities of four states {(0,0), (0,1), (1,0), (1,1)}.}
| ^
checkRd: (-1) em_hmm.Rd:22: Lost braces; missing escapes or markup?
22 | \item{pi}{An estimate of the stationary probabilities of four states {(0,0), (0,1), (1,0), (1,1)}.}
| ^
Flavors: r-devel-linux-x86_64-debian-clang, r-devel-linux-x86_64-debian-gcc, r-devel-linux-x86_64-fedora-clang, r-devel-linux-x86_64-fedora-gcc, r-devel-windows-x86_64, r-patched-linux-x86_64, r-release-linux-x86_64, r-release-macos-arm64, r-release-macos-x86_64, r-release-windows-x86_64