Last updated on 2024-07-01 04:48:43 CEST.
Flavor | Version | Tinstall | Tcheck | Ttotal | Status | Flags |
---|---|---|---|---|---|---|
r-devel-linux-x86_64-debian-clang | 0.0.3 | 24.04 | 26.57 | 50.61 | OK | |
r-devel-linux-x86_64-debian-gcc | 0.0.3 | 15.09 | 21.01 | 36.10 | OK | |
r-devel-linux-x86_64-fedora-clang | 0.0.3 | 67.25 | NOTE | |||
r-devel-linux-x86_64-fedora-gcc | 0.0.3 | 67.15 | NOTE | |||
r-patched-linux-x86_64 | 0.0.3 | 19.38 | 25.20 | 44.58 | OK | |
r-release-linux-x86_64 | 0.0.3 | 20.06 | 25.85 | 45.91 | OK | |
r-release-macos-arm64 | 0.0.3 | 22.00 | OK | |||
r-release-macos-x86_64 | 0.0.3 | 36.00 | OK | |||
r-oldrel-macos-arm64 | 0.0.3 | 23.00 | OK | |||
r-oldrel-macos-x86_64 | 0.0.3 | 34.00 | OK |
Version: 0.0.3
Check: top-level files
Result: NOTE
‘configure’: /bin/bash is not portable
Flavors: r-devel-linux-x86_64-fedora-clang, r-devel-linux-x86_64-fedora-gcc