Last updated on 2024-07-01 04:48:43 CEST.
Flavor | Version | Tinstall | Tcheck | Ttotal | Status | Flags |
---|---|---|---|---|---|---|
r-devel-linux-x86_64-debian-clang | 1.1.4 | 26.17 | 175.55 | 201.72 | NOTE | |
r-devel-linux-x86_64-debian-gcc | 1.1.4 | 19.53 | 129.46 | 148.99 | NOTE | |
r-devel-linux-x86_64-fedora-clang | 1.1.4 | 261.49 | NOTE | |||
r-devel-linux-x86_64-fedora-gcc | 1.1.4 | 250.74 | NOTE | |||
r-devel-windows-x86_64 | 1.1.4 | 26.00 | 211.00 | 237.00 | NOTE | |
r-patched-linux-x86_64 | 1.1.4 | 18.06 | 168.04 | 186.10 | NOTE | |
r-release-linux-x86_64 | 1.1.4 | 23.90 | 167.33 | 191.23 | NOTE | |
r-release-macos-arm64 | 1.1.4 | 92.00 | NOTE | |||
r-release-macos-x86_64 | 1.1.4 | 117.00 | NOTE | |||
r-release-windows-x86_64 | 1.1.4 | 27.00 | 196.00 | 223.00 | NOTE | |
r-oldrel-macos-arm64 | 1.1.4 | 69.00 | NOTE | |||
r-oldrel-macos-x86_64 | 1.1.4 | 113.00 | NOTE | |||
r-oldrel-windows-x86_64 | 1.1.4 | 23.00 | 162.00 | 185.00 | NOTE |
Version: 1.1.4
Check: LazyData
Result: NOTE
'LazyData' is specified without a 'data' directory
Flavors: r-devel-linux-x86_64-debian-clang, r-devel-linux-x86_64-debian-gcc, r-devel-linux-x86_64-fedora-clang, r-devel-linux-x86_64-fedora-gcc, r-devel-windows-x86_64, r-patched-linux-x86_64, r-release-linux-x86_64, r-release-macos-arm64, r-release-macos-x86_64, r-release-windows-x86_64, r-oldrel-macos-arm64, r-oldrel-macos-x86_64, r-oldrel-windows-x86_64