Last updated on 2024-07-01 04:48:45 CEST.
Flavor | Version | Tinstall | Tcheck | Ttotal | Status | Flags |
---|---|---|---|---|---|---|
r-devel-linux-x86_64-debian-clang | 0.1.5 | 29.67 | 80.15 | 109.82 | OK | |
r-devel-linux-x86_64-debian-gcc | 0.1.5 | 18.82 | 61.72 | 80.54 | OK | |
r-devel-linux-x86_64-fedora-clang | 0.1.5 | 143.61 | NOTE | |||
r-devel-linux-x86_64-fedora-gcc | 0.1.5 | 134.68 | OK | |||
r-devel-windows-x86_64 | 0.1.5 | 23.00 | 91.00 | 114.00 | OK | |
r-patched-linux-x86_64 | 0.1.5 | 25.36 | 77.65 | 103.01 | OK | |
r-release-linux-x86_64 | 0.1.5 | 23.27 | 78.79 | 102.06 | OK | |
r-release-macos-arm64 | 0.1.5 | 39.00 | OK | |||
r-release-macos-x86_64 | 0.1.5 | 58.00 | OK | |||
r-release-windows-x86_64 | 0.1.5 | 22.00 | 92.00 | 114.00 | OK | |
r-oldrel-macos-arm64 | 0.1.5 | 45.00 | OK | |||
r-oldrel-macos-x86_64 | 0.1.5 | 68.00 | OK | |||
r-oldrel-windows-x86_64 | 0.1.5 | 28.00 | 111.00 | 139.00 | OK |
Version: 0.1.5
Check: Rd cross-references
Result: NOTE
Undeclared package ‘scalreg’ in Rd xrefs
Flavor: r-devel-linux-x86_64-fedora-clang