Last updated on 2024-06-30 04:55:36 CEST.
Flavor | Version | Tinstall | Tcheck | Ttotal | Status | Flags |
---|---|---|---|---|---|---|
r-devel-linux-x86_64-debian-clang | 2.3.0 | 7.50 | 50.61 | 58.11 | OK | |
r-devel-linux-x86_64-debian-gcc | 2.3.0 | 6.48 | 37.10 | 43.58 | OK | |
r-devel-linux-x86_64-fedora-clang | 2.3.0 | 73.22 | NOTE | |||
r-devel-linux-x86_64-fedora-gcc | 2.3.0 | 68.35 | NOTE | |||
r-devel-windows-x86_64 | 2.3.0 | 9.00 | 83.00 | 92.00 | OK | |
r-patched-linux-x86_64 | 2.3.0 | 9.25 | 48.31 | 57.56 | OK | |
r-release-linux-x86_64 | 2.3.0 | 6.74 | 48.64 | 55.38 | OK | |
r-release-macos-arm64 | 2.3.0 | 25.00 | OK | |||
r-release-macos-x86_64 | 2.3.0 | 36.00 | OK | |||
r-release-windows-x86_64 | 2.3.0 | 10.00 | 82.00 | 92.00 | OK | |
r-oldrel-macos-arm64 | 2.3.0 | 26.00 | OK | |||
r-oldrel-macos-x86_64 | 2.3.0 | 34.00 | OK | |||
r-oldrel-windows-x86_64 | 2.3.0 | 11.00 | 88.00 | 99.00 | OK |
Version: 2.3.0
Check: dependencies in R code
Result: NOTE
Namespace in Imports field not imported from: ‘httr’
All declared Imports should be used.
Flavors: r-devel-linux-x86_64-fedora-clang, r-devel-linux-x86_64-fedora-gcc
Version: 2.3.0
Check: data for non-ASCII characters
Result: NOTE
Note: found 243 marked UTF-8 strings
Flavors: r-devel-linux-x86_64-fedora-clang, r-devel-linux-x86_64-fedora-gcc