Last updated on 2025-02-04 02:50:17 CET.
Flavor | Version | Tinstall | Tcheck | Ttotal | Status | Flags |
---|---|---|---|---|---|---|
r-devel-linux-x86_64-debian-clang | 1.2.1 | 3.74 | 31.03 | 34.77 | OK | |
r-devel-linux-x86_64-debian-gcc | 1.2.1 | 2.24 | 23.74 | 25.98 | OK | |
r-devel-linux-x86_64-fedora-clang | 1.2.1 | 60.78 | OK | |||
r-devel-linux-x86_64-fedora-gcc | 1.2.1 | 52.54 | OK | |||
r-devel-windows-x86_64 | 1.2.1 | 5.00 | 50.00 | 55.00 | OK | |
r-patched-linux-x86_64 | 1.2.1 | 3.55 | 29.06 | 32.61 | NOTE | |
r-release-linux-x86_64 | 1.2.1 | 3.07 | 28.77 | 31.84 | NOTE | |
r-release-macos-arm64 | 1.2.1 | 20.00 | NOTE | |||
r-release-macos-x86_64 | 1.2.1 | 29.00 | NOTE | |||
r-release-windows-x86_64 | 1.2.1 | 4.00 | 55.00 | 59.00 | NOTE | |
r-oldrel-macos-arm64 | 1.2.1 | 23.00 | NOTE | |||
r-oldrel-macos-x86_64 | 1.2.1 | 31.00 | NOTE | |||
r-oldrel-windows-x86_64 | 1.2.1 | 6.00 | 54.00 | 60.00 | NOTE |
Version: 1.2.1
Check: LazyData
Result: NOTE
'LazyData' is specified without a 'data' directory
Flavors: r-patched-linux-x86_64, r-release-linux-x86_64, r-release-macos-arm64, r-release-macos-x86_64, r-release-windows-x86_64, r-oldrel-macos-arm64, r-oldrel-macos-x86_64, r-oldrel-windows-x86_64