Last updated on 2024-07-01 04:48:41 CEST.
Flavor | Version | Tinstall | Tcheck | Ttotal | Status | Flags |
---|---|---|---|---|---|---|
r-devel-linux-x86_64-debian-clang | 1.2.5 | 8.98 | 86.00 | 94.98 | NOTE | |
r-devel-linux-x86_64-debian-gcc | 1.2.5 | 6.07 | 63.47 | 69.54 | NOTE | |
r-devel-linux-x86_64-fedora-clang | 1.2.5 | 115.17 | NOTE | |||
r-devel-linux-x86_64-fedora-gcc | 1.2.5 | 110.36 | NOTE | |||
r-devel-windows-x86_64 | 1.2.5 | 8.00 | 82.00 | 90.00 | NOTE | |
r-patched-linux-x86_64 | 1.2.5 | 7.06 | 80.85 | 87.91 | NOTE | |
r-release-linux-x86_64 | 1.2.5 | 7.42 | 81.01 | 88.43 | NOTE | |
r-release-macos-arm64 | 1.2.5 | 35.00 | NOTE | |||
r-release-macos-x86_64 | 1.2.5 | 53.00 | NOTE | |||
r-release-windows-x86_64 | 1.2.5 | 7.00 | 82.00 | 89.00 | NOTE | |
r-oldrel-macos-arm64 | 1.2.5 | 42.00 | OK | |||
r-oldrel-macos-x86_64 | 1.2.5 | 62.00 | OK | |||
r-oldrel-windows-x86_64 | 1.2.5 | 10.00 | 97.00 | 107.00 | OK |
Version: 1.2.5
Check: Rd files
Result: NOTE
checkRd: (-1) PAS-package.Rd:30: Lost braces
30 | {\code{bin model}}{\cr Zhiqiu Hu, Zhiquan Wang, and Shizhong Xu (2012) An infinitesimal model for quantitative trait genomic value prediction. PloS ONE 7: e41336.}
| ^
Flavors: r-devel-linux-x86_64-debian-clang, r-devel-linux-x86_64-debian-gcc, r-devel-linux-x86_64-fedora-clang, r-devel-linux-x86_64-fedora-gcc, r-devel-windows-x86_64, r-patched-linux-x86_64, r-release-linux-x86_64, r-release-macos-arm64, r-release-macos-x86_64, r-release-windows-x86_64