Last updated on 2024-07-01 04:48:39 CEST.
Flavor | Version | Tinstall | Tcheck | Ttotal | Status | Flags |
---|---|---|---|---|---|---|
r-devel-linux-x86_64-debian-clang | 0.1-3 | 18.03 | 119.99 | 138.02 | NOTE | |
r-devel-linux-x86_64-debian-gcc | 0.1-3 | 10.85 | 87.93 | 98.78 | NOTE | |
r-devel-linux-x86_64-fedora-clang | 0.1-3 | 167.39 | NOTE | |||
r-devel-linux-x86_64-fedora-gcc | 0.1-3 | 179.75 | NOTE | |||
r-devel-windows-x86_64 | 0.1-3 | 26.00 | 132.00 | 158.00 | NOTE | |
r-patched-linux-x86_64 | 0.1-3 | 16.40 | 100.06 | 116.46 | NOTE | |
r-release-linux-x86_64 | 0.1-3 | 16.19 | 114.77 | 130.96 | NOTE | |
r-release-macos-arm64 | 0.1-3 | 58.00 | NOTE | |||
r-release-macos-x86_64 | 0.1-3 | 88.00 | NOTE | |||
r-release-windows-x86_64 | 0.1-3 | 26.00 | 130.00 | 156.00 | NOTE | |
r-oldrel-macos-arm64 | 0.1-3 | 63.00 | NOTE | |||
r-oldrel-macos-x86_64 | 0.1-3 | 142.00 | NOTE | |||
r-oldrel-windows-x86_64 | 0.1-3 | 33.00 | 140.00 | 173.00 | OK |
Version: 0.1-3
Check: Rd files
Result: NOTE
checkRd: (-1) u4_cba_cor.Rd:35: Lost braces
35 | \code{t * 1} and \code{B} is of dimension{t * N}. Ideally, \code{fun.sim}()
| ^
Flavors: r-devel-linux-x86_64-debian-clang, r-devel-linux-x86_64-debian-gcc, r-devel-linux-x86_64-fedora-clang, r-devel-linux-x86_64-fedora-gcc, r-devel-windows-x86_64, r-patched-linux-x86_64, r-release-linux-x86_64, r-release-macos-arm64, r-release-macos-x86_64, r-release-windows-x86_64
Version: 0.1-3
Check: package dependencies
Result: NOTE
Package which this enhances but not available for checking: ‘pbdMPI’
Flavors: r-release-macos-arm64, r-release-macos-x86_64, r-oldrel-macos-arm64, r-oldrel-macos-x86_64