Last updated on 2024-07-01 04:48:39 CEST.
Flavor | Version | Tinstall | Tcheck | Ttotal | Status | Flags |
---|---|---|---|---|---|---|
r-devel-linux-x86_64-debian-clang | 1.5.16 | 530.05 | 105.04 | 635.09 | OK | |
r-devel-linux-x86_64-debian-gcc | 1.5.16 | 434.77 | 81.16 | 515.93 | OK | |
r-devel-linux-x86_64-fedora-clang | 1.5.16 | 969.39 | OK | |||
r-devel-linux-x86_64-fedora-gcc | 1.5.16 | 1119.60 | OK | |||
r-devel-windows-x86_64 | 1.5.16 | 449.00 | 184.00 | 633.00 | OK | |
r-patched-linux-x86_64 | 1.5.16 | 527.35 | 103.63 | 630.98 | OK | |
r-release-linux-x86_64 | 1.5.16 | 521.02 | 102.86 | 623.88 | OK | |
r-release-macos-arm64 | 1.5.16 | 208.00 | NOTE | |||
r-release-macos-x86_64 | 1.5.16 | 208.00 | NOTE | |||
r-release-windows-x86_64 | 1.5.16 | 445.00 | 184.00 | 629.00 | OK | |
r-oldrel-macos-arm64 | 1.5.16 | 213.00 | NOTE | |||
r-oldrel-macos-x86_64 | 1.5.16 | 238.00 | NOTE | |||
r-oldrel-windows-x86_64 | 1.5.16 | 543.00 | 216.00 | 759.00 | OK |
Version: 1.5.16
Check: installed package size
Result: NOTE
installed size is 26.6Mb
sub-directories of 1Mb or more:
libs 24.1Mb
Flavors: r-release-macos-arm64, r-release-macos-x86_64, r-oldrel-macos-arm64, r-oldrel-macos-x86_64