Last updated on 2024-07-01 04:48:38 CEST.
Flavor | Version | Tinstall | Tcheck | Ttotal | Status | Flags |
---|---|---|---|---|---|---|
r-devel-linux-x86_64-debian-clang | 0.0.2 | 6.38 | 46.50 | 52.88 | OK | |
r-devel-linux-x86_64-debian-gcc | 0.0.2 | 4.85 | 36.08 | 40.93 | OK | |
r-devel-linux-x86_64-fedora-clang | 0.0.2 | 66.82 | NOTE | |||
r-devel-linux-x86_64-fedora-gcc | 0.0.2 | 62.01 | NOTE | |||
r-devel-windows-x86_64 | 0.0.2 | 7.00 | 62.00 | 69.00 | OK | |
r-patched-linux-x86_64 | 0.0.2 | 5.84 | 44.32 | 50.16 | OK | |
r-release-linux-x86_64 | 0.0.2 | 3.98 | 43.75 | 47.73 | OK | |
r-release-macos-arm64 | 0.0.2 | 23.00 | OK | |||
r-release-macos-x86_64 | 0.0.2 | 31.00 | OK | |||
r-release-windows-x86_64 | 0.0.2 | 7.00 | 57.00 | 64.00 | OK | |
r-oldrel-macos-arm64 | 0.0.2 | 24.00 | OK | |||
r-oldrel-macos-x86_64 | 0.0.2 | 33.00 | OK | |||
r-oldrel-windows-x86_64 | 0.0.2 | 9.00 | 63.00 | 72.00 | OK |
Version: 0.0.2
Check: data for non-ASCII characters
Result: NOTE
Note: found 7 marked Latin-1 strings
Note: found 14 marked UTF-8 strings
Flavors: r-devel-linux-x86_64-fedora-clang, r-devel-linux-x86_64-fedora-gcc