Last updated on 2024-07-01 04:48:37 CEST.
Flavor | Version | Tinstall | Tcheck | Ttotal | Status | Flags |
---|---|---|---|---|---|---|
r-devel-linux-x86_64-debian-clang | 0.8.3 | 19.60 | 34.67 | 54.27 | OK | |
r-devel-linux-x86_64-debian-gcc | 0.8.3 | 13.98 | 26.75 | 40.73 | OK | |
r-devel-linux-x86_64-fedora-clang | 0.8.3 | 79.40 | NOTE | |||
r-devel-linux-x86_64-fedora-gcc | 0.8.3 | 71.72 | NOTE | |||
r-devel-windows-x86_64 | 0.8.3 | 20.00 | 68.00 | 88.00 | OK | |
r-patched-linux-x86_64 | 0.8.3 | 16.24 | 33.40 | 49.64 | OK | |
r-release-linux-x86_64 | 0.8.3 | 16.40 | 33.55 | 49.95 | OK | |
r-release-macos-arm64 | 0.8.3 | 24.00 | OK | |||
r-release-macos-x86_64 | 0.8.3 | 32.00 | OK | |||
r-release-windows-x86_64 | 0.8.3 | 18.00 | 69.00 | 87.00 | OK | |
r-oldrel-macos-arm64 | 0.8.3 | 27.00 | OK | |||
r-oldrel-macos-x86_64 | 0.8.3 | 39.00 | OK | |||
r-oldrel-windows-x86_64 | 0.8.3 | 19.00 | 75.00 | 94.00 | OK |
Version: 0.8.3
Check: Rd cross-references
Result: NOTE
Undeclared package ‘glmnet’ in Rd xrefs
Flavor: r-devel-linux-x86_64-fedora-clang
Version: 0.8.3
Check: compiled code
Result: NOTE
File ‘LassoNet/libs/LassoNet.so’:
Found no calls to: ‘R_registerRoutines’, ‘R_useDynamicSymbols’
It is good practice to register native routines and to disable symbol
search.
See ‘Writing portable packages’ in the ‘Writing R Extensions’ manual.
Flavors: r-devel-linux-x86_64-fedora-clang, r-devel-linux-x86_64-fedora-gcc