Last updated on 2024-07-01 04:48:36 CEST.
Flavor | Version | Tinstall | Tcheck | Ttotal | Status | Flags |
---|---|---|---|---|---|---|
r-devel-linux-x86_64-debian-clang | 2.1.3 | 36.80 | 30.78 | 67.58 | NOTE | |
r-devel-linux-x86_64-debian-gcc | 2.1.3 | 26.69 | 23.22 | 49.91 | NOTE | |
r-devel-linux-x86_64-fedora-clang | 2.1.3 | 111.48 | NOTE | |||
r-devel-linux-x86_64-fedora-gcc | 2.1.3 | 98.55 | NOTE | |||
r-devel-windows-x86_64 | 2.1.3 | 36.00 | 61.00 | 97.00 | NOTE | |
r-patched-linux-x86_64 | 2.1.3 | 34.28 | 28.66 | 62.94 | NOTE | |
r-release-linux-x86_64 | 2.1.3 | 32.31 | 29.81 | 62.12 | NOTE | |
r-release-macos-arm64 | 2.1.3 | 25.00 | NOTE | |||
r-release-macos-x86_64 | 2.1.3 | 31.00 | NOTE | |||
r-release-windows-x86_64 | 2.1.3 | 38.00 | 61.00 | 99.00 | NOTE | |
r-oldrel-macos-arm64 | 2.1.3 | 29.00 | NOTE | |||
r-oldrel-macos-x86_64 | 2.1.3 | 45.00 | NOTE | |||
r-oldrel-windows-x86_64 | 2.1.3 | 42.00 | 70.00 | 112.00 | NOTE |
Version: 2.1.3
Check: C++ specification
Result: NOTE
Specified C++14: please drop specification unless essential
Flavors: r-devel-linux-x86_64-debian-clang, r-devel-linux-x86_64-debian-gcc, r-devel-linux-x86_64-fedora-clang, r-devel-linux-x86_64-fedora-gcc, r-devel-windows-x86_64, r-patched-linux-x86_64, r-release-linux-x86_64, r-release-macos-arm64, r-release-macos-x86_64, r-release-windows-x86_64, r-oldrel-macos-arm64, r-oldrel-macos-x86_64, r-oldrel-windows-x86_64