Last updated on 2024-07-01 04:48:35 CEST.
Flavor | Version | Tinstall | Tcheck | Ttotal | Status | Flags |
---|---|---|---|---|---|---|
r-devel-linux-x86_64-debian-clang | 0.1.0 | 61.09 | 69.73 | 130.82 | OK | |
r-devel-linux-x86_64-debian-gcc | 0.1.0 | 50.30 | 52.50 | 102.80 | OK | |
r-devel-linux-x86_64-fedora-clang | 0.1.0 | 179.87 | OK | |||
r-devel-linux-x86_64-fedora-gcc | 0.1.0 | 192.79 | OK | |||
r-devel-windows-x86_64 | 0.1.0 | 52.00 | 82.00 | 134.00 | OK | |
r-patched-linux-x86_64 | 0.1.0 | 57.70 | 65.74 | 123.44 | OK | |
r-release-linux-x86_64 | 0.1.0 | 60.46 | 65.16 | 125.62 | OK | |
r-release-macos-arm64 | 0.1.0 | 47.00 | NOTE | |||
r-release-macos-x86_64 | 0.1.0 | 65.00 | NOTE | |||
r-release-windows-x86_64 | 0.1.0 | 52.00 | 85.00 | 137.00 | OK | |
r-oldrel-macos-arm64 | 0.1.0 | 52.00 | NOTE | |||
r-oldrel-macos-x86_64 | 0.1.0 | 110.00 | NOTE | |||
r-oldrel-windows-x86_64 | 0.1.0 | 64.00 | 107.00 | 171.00 | OK |
Version: 0.1.0
Check: installed package size
Result: NOTE
installed size is 6.2Mb
sub-directories of 1Mb or more:
libs 5.6Mb
Flavors: r-release-macos-arm64, r-release-macos-x86_64, r-oldrel-macos-arm64, r-oldrel-macos-x86_64