Last updated on 2024-07-01 04:48:35 CEST.
Flavor | Version | Tinstall | Tcheck | Ttotal | Status | Flags |
---|---|---|---|---|---|---|
r-devel-linux-x86_64-debian-clang | 1.1.5 | 181.70 | 67.57 | 249.27 | NOTE | |
r-devel-linux-x86_64-debian-gcc | 1.1.5 | 137.01 | 50.59 | 187.60 | NOTE | |
r-devel-linux-x86_64-fedora-clang | 1.1.5 | 341.83 | NOTE | |||
r-devel-linux-x86_64-fedora-gcc | 1.1.5 | 398.49 | NOTE | |||
r-devel-windows-x86_64 | 1.1.5 | 149.00 | 97.00 | 246.00 | NOTE | |
r-patched-linux-x86_64 | 1.1.5 | 155.18 | 64.24 | 219.42 | NOTE | |
r-release-linux-x86_64 | 1.1.5 | 147.24 | 66.12 | 213.36 | NOTE | |
r-release-macos-arm64 | 1.1.5 | 80.00 | NOTE | |||
r-release-macos-x86_64 | 1.1.5 | 81.00 | NOTE | |||
r-release-windows-x86_64 | 1.1.5 | 150.00 | 96.00 | 246.00 | NOTE | |
r-oldrel-macos-arm64 | 1.1.5 | 91.00 | NOTE | |||
r-oldrel-macos-x86_64 | 1.1.5 | 171.00 | NOTE | |||
r-oldrel-windows-x86_64 | 1.1.5 | 180.00 | 109.00 | 289.00 | NOTE |
Version: 1.1.5
Check: C++ specification
Result: NOTE
Specified C++11: please drop specification unless essential
Flavors: r-devel-linux-x86_64-debian-clang, r-devel-linux-x86_64-debian-gcc, r-devel-linux-x86_64-fedora-clang, r-devel-linux-x86_64-fedora-gcc, r-devel-windows-x86_64, r-patched-linux-x86_64, r-release-linux-x86_64, r-release-macos-arm64, r-release-macos-x86_64, r-release-windows-x86_64, r-oldrel-macos-arm64, r-oldrel-macos-x86_64, r-oldrel-windows-x86_64
Version: 1.1.5
Check: for GNU extensions in Makefiles
Result: NOTE
GNU make is a SystemRequirements.
Flavors: r-devel-linux-x86_64-debian-clang, r-devel-linux-x86_64-debian-gcc, r-devel-linux-x86_64-fedora-clang, r-devel-linux-x86_64-fedora-gcc, r-devel-windows-x86_64, r-patched-linux-x86_64, r-release-linux-x86_64, r-release-macos-arm64, r-release-macos-x86_64, r-release-windows-x86_64, r-oldrel-macos-arm64, r-oldrel-macos-x86_64, r-oldrel-windows-x86_64
Version: 1.1.5
Check: installed package size
Result: NOTE
installed size is 9.6Mb
sub-directories of 1Mb or more:
libs 9.5Mb
Flavors: r-release-macos-arm64, r-release-macos-x86_64, r-oldrel-macos-arm64, r-oldrel-macos-x86_64