Last updated on 2024-07-01 04:48:34 CEST.
Flavor | Version | Tinstall | Tcheck | Ttotal | Status | Flags |
---|---|---|---|---|---|---|
r-devel-linux-x86_64-debian-clang | 0.1.1 | 4.23 | 38.89 | 43.12 | NOTE | |
r-devel-linux-x86_64-debian-gcc | 0.1.1 | 2.84 | 29.50 | 32.34 | NOTE | |
r-devel-linux-x86_64-fedora-clang | 0.1.1 | 54.01 | NOTE | |||
r-devel-linux-x86_64-fedora-gcc | 0.1.1 | 50.73 | NOTE | |||
r-devel-windows-x86_64 | 0.1.1 | 4.00 | 53.00 | 57.00 | NOTE | |
r-patched-linux-x86_64 | 0.1.1 | 3.71 | 38.14 | 41.85 | NOTE | |
r-release-linux-x86_64 | 0.1.1 | 3.06 | 36.50 | 39.56 | NOTE | |
r-release-macos-arm64 | 0.1.1 | 21.00 | NOTE | |||
r-release-macos-x86_64 | 0.1.1 | 36.00 | NOTE | |||
r-release-windows-x86_64 | 0.1.1 | 4.00 | 52.00 | 56.00 | NOTE | |
r-oldrel-macos-arm64 | 0.1.1 | 20.00 | OK | |||
r-oldrel-macos-x86_64 | 0.1.1 | 29.00 | OK | |||
r-oldrel-windows-x86_64 | 0.1.1 | 5.00 | 59.00 | 64.00 | OK |
Version: 0.1.1
Check: Rd files
Result: NOTE
checkRd: (-1) flowdata.Rd:10: Lost braces; missing escapes or markup?
10 | \item{Flow}{Water flow, in m^{3}/s}
| ^
Flavors: r-devel-linux-x86_64-debian-clang, r-devel-linux-x86_64-debian-gcc, r-devel-linux-x86_64-fedora-clang, r-devel-linux-x86_64-fedora-gcc, r-devel-windows-x86_64, r-patched-linux-x86_64, r-release-linux-x86_64, r-release-macos-arm64, r-release-macos-x86_64, r-release-windows-x86_64