Last updated on 2024-07-01 04:48:34 CEST.
Flavor | Version | Tinstall | Tcheck | Ttotal | Status | Flags |
---|---|---|---|---|---|---|
r-devel-linux-x86_64-debian-clang | 1.1 | 9.06 | 81.57 | 90.63 | NOTE | |
r-devel-linux-x86_64-debian-gcc | 1.1 | 7.62 | 60.14 | 67.76 | NOTE | |
r-devel-linux-x86_64-fedora-clang | 1.1 | 111.30 | NOTE | |||
r-devel-linux-x86_64-fedora-gcc | 1.1 | 103.88 | NOTE | |||
r-devel-windows-x86_64 | 1.1 | 8.00 | 81.00 | 89.00 | NOTE | |
r-patched-linux-x86_64 | 1.1 | 5.49 | 75.19 | 80.68 | NOTE | |
r-release-linux-x86_64 | 1.1 | 5.64 | 75.03 | 80.67 | NOTE | |
r-release-macos-arm64 | 1.1 | 35.00 | NOTE | |||
r-release-macos-x86_64 | 1.1 | 70.00 | NOTE | |||
r-release-windows-x86_64 | 1.1 | 8.00 | 80.00 | 88.00 | NOTE | |
r-oldrel-macos-arm64 | 1.1 | 38.00 | OK | |||
r-oldrel-macos-x86_64 | 1.1 | 63.00 | OK | |||
r-oldrel-windows-x86_64 | 1.1 | 11.00 | 95.00 | 106.00 | OK |
Version: 1.1
Check: Rd files
Result: NOTE
checkRd: (-1) FiSh-package.Rd:19: Lost braces
19 | \doi{10.3389/feart.2020.00255}{Frontiers in Earth Science, 8:255}.
| ^
checkRd: (-1) FiSh-package.Rd:32: Lost braces
32 | \doi{10.3389/feart.2020.00255}{Frontiers in Earth Science, 8:255}.
| ^
checkRd: (-1) SEP_FIM.Rd:46: Lost braces
46 | \doi{10.3389/feart.2020.00255}{Frontiers in Earth Science, 8:255}.
| ^
Flavors: r-devel-linux-x86_64-debian-clang, r-devel-linux-x86_64-debian-gcc, r-devel-linux-x86_64-fedora-clang, r-devel-linux-x86_64-fedora-gcc, r-devel-windows-x86_64, r-patched-linux-x86_64, r-release-linux-x86_64, r-release-macos-arm64, r-release-macos-x86_64, r-release-windows-x86_64