Last updated on 2024-07-01 04:48:33 CEST.
Flavor | Version | Tinstall | Tcheck | Ttotal | Status | Flags |
---|---|---|---|---|---|---|
r-devel-linux-x86_64-debian-clang | 1.2 | 26.96 | 34.95 | 61.91 | OK | |
r-devel-linux-x86_64-debian-gcc | 1.2 | 20.81 | 27.40 | 48.21 | OK | |
r-devel-linux-x86_64-fedora-clang | 1.2 | 80.74 | OK | |||
r-devel-linux-x86_64-fedora-gcc | 1.2 | 87.26 | OK | |||
r-devel-windows-x86_64 | 1.2 | 25.00 | 68.00 | 93.00 | OK | |
r-patched-linux-x86_64 | 1.2 | 22.82 | 33.88 | 56.70 | OK | |
r-release-linux-x86_64 | 1.2 | 24.72 | 34.03 | 58.75 | OK | |
r-release-macos-arm64 | 1.2 | 27.00 | NOTE | |||
r-release-macos-x86_64 | 1.2 | 52.00 | NOTE | |||
r-release-windows-x86_64 | 1.2 | 24.00 | 71.00 | 95.00 | OK | |
r-oldrel-macos-arm64 | 1.2 | 30.00 | NOTE | |||
r-oldrel-macos-x86_64 | 1.2 | 44.00 | NOTE | |||
r-oldrel-windows-x86_64 | 1.2 | 31.00 | 77.00 | 108.00 | OK |
Version: 1.2
Check: installed package size
Result: NOTE
installed size is 5.8Mb
sub-directories of 1Mb or more:
data 3.5Mb
libs 2.2Mb
Flavors: r-release-macos-arm64, r-release-macos-x86_64, r-oldrel-macos-arm64, r-oldrel-macos-x86_64